CRAN Package Check Results for Package rneos

Last updated on 2025-07-20 01:49:39 CEST.

Flavor Version Tinstall Tcheck Ttotal Status Flags
r-devel-linux-x86_64-debian-clang 0.4-0 5.12 38.49 43.61 NOTE
r-devel-linux-x86_64-debian-gcc 0.4-0 3.20 29.57 32.77 NOTE
r-devel-linux-x86_64-fedora-clang 0.4-0 66.75 NOTE
r-devel-linux-x86_64-fedora-gcc 0.4-0 62.75 NOTE
r-devel-windows-x86_64 0.4-0 7.00 61.00 68.00 NOTE
r-patched-linux-x86_64 0.4-0 5.40 36.68 42.08 NOTE
r-release-linux-x86_64 0.4-0 4.39 37.00 41.39 NOTE
r-release-macos-arm64 0.4-0 24.00 NOTE
r-release-macos-x86_64 0.4-0 40.00 NOTE
r-release-windows-x86_64 0.4-0 7.00 64.00 71.00 NOTE
r-oldrel-macos-arm64 0.4-0 27.00 NOTE
r-oldrel-macos-x86_64 0.4-0 35.00 NOTE
r-oldrel-windows-x86_64 0.4-0 7.00 59.00 66.00 NOTE

Check Details

Version: 0.4-0
Check: Rd files
Result: NOTE checkRd: (-1) NlistServersInCategory.Rd:11: Escaped LaTeX specials: \_ Flavors: r-devel-linux-x86_64-debian-clang, r-devel-linux-x86_64-debian-gcc, r-devel-linux-x86_64-fedora-clang, r-devel-linux-x86_64-fedora-gcc, r-devel-windows-x86_64, r-patched-linux-x86_64, r-release-linux-x86_64, r-release-macos-arm64, r-release-macos-x86_64, r-release-windows-x86_64, r-oldrel-macos-arm64, r-oldrel-macos-x86_64, r-oldrel-windows-x86_64