Last updated on 2025-04-29 01:49:46 CEST.
Flavor | Version | Tinstall | Tcheck | Ttotal | Status | Flags |
---|---|---|---|---|---|---|
r-devel-linux-x86_64-debian-clang | 0.0.3 | 1.50 | 15.49 | 16.99 | OK | |
r-devel-linux-x86_64-debian-gcc | 0.0.3 | 1.38 | 13.76 | 15.14 | NOTE | |
r-devel-linux-x86_64-fedora-clang | 0.0.3 | 26.81 | OK | |||
r-devel-linux-x86_64-fedora-gcc | 0.0.3 | 25.72 | OK | |||
r-devel-windows-x86_64 | 0.0.3 | 3.00 | 33.00 | 36.00 | OK | |
r-patched-linux-x86_64 | 0.0.3 | 1.68 | 15.39 | 17.07 | OK | |
r-release-linux-x86_64 | 0.0.3 | 1.52 | 15.17 | 16.69 | OK | |
r-release-macos-arm64 | 0.0.3 | 14.00 | OK | |||
r-release-macos-x86_64 | 0.0.3 | 20.00 | OK | |||
r-release-windows-x86_64 | 0.0.3 | 2.00 | 36.00 | 38.00 | OK | |
r-oldrel-macos-arm64 | 0.0.3 | 13.00 | OK | |||
r-oldrel-macos-x86_64 | 0.0.3 | 19.00 | OK | |||
r-oldrel-windows-x86_64 | 0.0.3 | 2.00 | 34.00 | 36.00 | OK |
Version: 0.0.3
Check: CRAN incoming feasibility
Result: NOTE
Maintainer: ‘Dirk Eddelbuettel <edd@debian.org>’
No Authors@R field in DESCRIPTION.
Please add one, modifying
Authors@R: person(given = "Dirk",
family = "Eddelbuettel",
role = c("aut", "cre"),
email = "edd@debian.org")
as necessary.
Flavor: r-devel-linux-x86_64-debian-gcc