Last updated on 2024-08-16 12:49:18 CEST.
Flavor | Version | Tinstall | Tcheck | Ttotal | Status | Flags |
---|---|---|---|---|---|---|
r-devel-linux-x86_64-debian-clang | 1.1-1 | 366.11 | 177.53 | 543.64 | NOTE | |
r-devel-linux-x86_64-debian-gcc | 1.1-1 | 346.55 | 155.98 | 502.53 | NOTE | |
r-devel-linux-x86_64-fedora-clang | 1.1-1 | 865.30 | NOTE | |||
r-devel-linux-x86_64-fedora-gcc | 1.1-1 | 1182.47 | NOTE | |||
r-devel-windows-x86_64 | 1.1-1 | 361.00 | 215.00 | 576.00 | NOTE | |
r-patched-linux-x86_64 | 1.1-1 | 437.51 | 205.76 | 643.27 | NOTE | |
r-release-linux-x86_64 | 1.1-1 | 428.55 | 210.05 | 638.60 | NOTE | |
r-release-macos-arm64 | 1.1-1 | 236.00 | NOTE | |||
r-release-macos-x86_64 | 1.1-1 | 376.00 | NOTE | |||
r-release-windows-x86_64 | 1.1-1 | 366.00 | 219.00 | 585.00 | NOTE | |
r-oldrel-macos-arm64 | 1.1-1 | 615.00 | NOTE | |||
r-oldrel-macos-x86_64 | 1.1-1 | 382.00 | NOTE | |||
r-oldrel-windows-x86_64 | 1.1-1 | 483.00 | 273.00 | 756.00 | NOTE |
Version: 1.1-1
Check: package dependencies
Result: NOTE
Package suggested but not available for checking: ‘cmdstanr’
Flavors: r-devel-linux-x86_64-debian-clang, r-devel-linux-x86_64-debian-gcc, r-devel-linux-x86_64-fedora-clang, r-devel-linux-x86_64-fedora-gcc, r-devel-windows-x86_64, r-patched-linux-x86_64, r-release-linux-x86_64, r-release-macos-arm64, r-release-macos-x86_64, r-release-windows-x86_64, r-oldrel-macos-arm64, r-oldrel-macos-x86_64, r-oldrel-windows-x86_64
Version: 1.1-1
Check: Rd cross-references
Result: NOTE
Package unavailable to check Rd xrefs: ‘cmdstanr’
Flavors: r-devel-linux-x86_64-debian-clang, r-devel-linux-x86_64-debian-gcc, r-devel-linux-x86_64-fedora-gcc, r-devel-windows-x86_64, r-patched-linux-x86_64, r-release-linux-x86_64, r-release-macos-arm64, r-release-macos-x86_64, r-release-windows-x86_64, r-oldrel-macos-arm64, r-oldrel-macos-x86_64, r-oldrel-windows-x86_64
Version: 1.1-1
Check: for GNU extensions in Makefiles
Result: NOTE
GNU make is a SystemRequirements.
Flavors: r-devel-linux-x86_64-debian-clang, r-devel-linux-x86_64-debian-gcc, r-devel-linux-x86_64-fedora-clang, r-devel-linux-x86_64-fedora-gcc, r-devel-windows-x86_64, r-patched-linux-x86_64, r-release-linux-x86_64, r-release-macos-arm64, r-release-macos-x86_64, r-release-windows-x86_64, r-oldrel-macos-arm64, r-oldrel-macos-x86_64, r-oldrel-windows-x86_64
Version: 1.1-1
Check: Rd cross-references
Result: NOTE
Undeclared package ‘coda’ in Rd xrefs
Package unavailable to check Rd xrefs: ‘cmdstanr’
Flavor: r-devel-linux-x86_64-fedora-clang
Version: 1.1-1
Check: installed package size
Result: NOTE
installed size is 84.3Mb
sub-directories of 1Mb or more:
libs 83.7Mb
Flavors: r-release-macos-arm64, r-release-macos-x86_64, r-oldrel-macos-arm64, r-oldrel-macos-x86_64