CRAN Package Check Results for Package rmdplugr

Last updated on 2025-04-29 01:49:45 CEST.

Flavor Version Tinstall Tcheck Ttotal Status Flags
r-devel-linux-x86_64-debian-clang 0.4.1 2.06 29.08 31.14 OK
r-devel-linux-x86_64-debian-gcc 0.4.1 2.00 24.62 26.62 NOTE
r-devel-linux-x86_64-fedora-clang 0.4.1 52.98 OK
r-devel-linux-x86_64-fedora-gcc 0.4.1 62.73 OK
r-devel-windows-x86_64 0.4.1 5.00 62.00 67.00 OK
r-patched-linux-x86_64 0.4.1 2.33 28.30 30.63 OK
r-release-linux-x86_64 0.4.1 2.34 28.84 31.18 OK
r-release-macos-arm64 0.4.1 49.00 OK
r-release-macos-x86_64 0.4.1 93.00 OK
r-release-windows-x86_64 0.4.1 4.00 65.00 69.00 OK
r-oldrel-macos-arm64 0.4.1 25.00 NOTE
r-oldrel-macos-x86_64 0.4.1 39.00 NOTE
r-oldrel-windows-x86_64 0.4.1 5.00 64.00 69.00 NOTE

Check Details

Version: 0.4.1
Check: CRAN incoming feasibility
Result: NOTE Maintainer: ‘Johan Larsson <johanlarsson@outlook.com>’ Package CITATION file contains call(s) to old-style personList() or as.personList(). Please use c() on person objects instead. Flavor: r-devel-linux-x86_64-debian-gcc

Version: 0.4.1
Check: LazyData
Result: NOTE 'LazyData' is specified without a 'data' directory Flavors: r-oldrel-macos-arm64, r-oldrel-macos-x86_64, r-oldrel-windows-x86_64