CRAN Package Check Results for Package rmake

Last updated on 2025-07-20 12:49:35 CEST.

Flavor Version Tinstall Tcheck Ttotal Status Flags
r-devel-linux-x86_64-debian-clang 1.1.0 4.41 41.77 46.18 NOTE
r-devel-linux-x86_64-debian-gcc 1.1.0 2.98 33.13 36.11 NOTE
r-devel-linux-x86_64-fedora-clang 1.1.0 71.04 OK
r-devel-linux-x86_64-fedora-gcc 1.1.0 68.02 OK
r-devel-windows-x86_64 1.1.0 6.00 70.00 76.00 OK
r-patched-linux-x86_64 1.1.0 4.31 39.99 44.30 OK
r-release-linux-x86_64 1.1.0 3.80 39.79 43.59 OK
r-release-macos-arm64 1.1.0 35.00 OK
r-release-macos-x86_64 1.1.0 49.00 OK
r-release-windows-x86_64 1.1.0 6.00 72.00 78.00 OK
r-oldrel-macos-arm64 1.1.0 33.00 NOTE
r-oldrel-macos-x86_64 1.1.0 44.00 NOTE
r-oldrel-windows-x86_64 1.1.0 8.00 80.00 88.00 NOTE

Check Details

Version: 1.1.0
Check: CRAN incoming feasibility
Result: NOTE Maintainer: ‘Michal Burda <michal.burda@osu.cz>’ No Authors@R field in DESCRIPTION. Please add one, modifying Authors@R: person(given = "Michal", family = "Burda", role = c("aut", "cre"), email = "michal.burda@osu.cz") as necessary. Flavors: r-devel-linux-x86_64-debian-clang, r-devel-linux-x86_64-debian-gcc

Version: 1.1.0
Check: LazyData
Result: NOTE 'LazyData' is specified without a 'data' directory Flavors: r-oldrel-macos-arm64, r-oldrel-macos-x86_64, r-oldrel-windows-x86_64