Last updated on 2025-05-19 12:50:15 CEST.
Flavor | Version | Tinstall | Tcheck | Ttotal | Status | Flags |
---|---|---|---|---|---|---|
r-devel-linux-x86_64-debian-clang | 0.4.0 | 2.88 | 28.53 | 31.41 | NOTE | |
r-devel-linux-x86_64-debian-gcc | 0.4.0 | 2.32 | 22.21 | 24.53 | NOTE | |
r-devel-linux-x86_64-fedora-clang | 0.4.0 | 48.27 | OK | |||
r-devel-linux-x86_64-fedora-gcc | 0.4.0 | 46.21 | OK | |||
r-devel-windows-x86_64 | 0.4.0 | 5.00 | 54.00 | 59.00 | OK | |
r-patched-linux-x86_64 | 0.4.0 | 3.10 | 27.15 | 30.25 | OK | |
r-release-linux-x86_64 | 0.4.0 | 2.95 | 27.31 | 30.26 | OK | |
r-release-macos-arm64 | 0.4.0 | 19.00 | OK | |||
r-release-macos-x86_64 | 0.4.0 | 34.00 | OK | |||
r-release-windows-x86_64 | 0.4.0 | 4.00 | 57.00 | 61.00 | OK | |
r-oldrel-macos-arm64 | 0.4.0 | 17.00 | OK | |||
r-oldrel-macos-x86_64 | 0.4.0 | 26.00 | OK | |||
r-oldrel-windows-x86_64 | 0.4.0 | 6.00 | 54.00 | 60.00 | OK |
Version: 0.4.0
Check: CRAN incoming feasibility
Result: NOTE
Maintainer: ‘You-Gan Wang <you-gan.wang@qut.edu.au>’
No Authors@R field in DESCRIPTION.
Please add one, modifying
Authors@R: c(person(given = "You-Gan",
family = "Wang",
role = c("aut", "cre"),
email = "you-gan.wang@qut.edu.au"),
person(given = "Benoit",
family = "Liquet",
role = "aut"),
person(given = "Aurelien",
family = "Callens",
role = "aut"),
person(given = "Na",
family = "Wang.",
role = "aut"))
as necessary.
Flavors: r-devel-linux-x86_64-debian-clang, r-devel-linux-x86_64-debian-gcc