Last updated on 2025-04-29 01:49:45 CEST.
Flavor | Version | Tinstall | Tcheck | Ttotal | Status | Flags |
---|---|---|---|---|---|---|
r-devel-linux-x86_64-debian-clang | 1.0.4.1 | 6.13 | 55.62 | 61.75 | OK | |
r-devel-linux-x86_64-debian-gcc | 1.0.4.1 | 4.72 | 42.84 | 47.56 | NOTE | |
r-devel-linux-x86_64-fedora-clang | 1.0.4.1 | 96.09 | OK | |||
r-devel-linux-x86_64-fedora-gcc | 1.0.4.1 | 93.48 | OK | |||
r-devel-windows-x86_64 | 1.0.4.1 | 7.00 | 69.00 | 76.00 | OK | |
r-patched-linux-x86_64 | 1.0.4.1 | 6.18 | 54.67 | 60.85 | OK | |
r-release-linux-x86_64 | 1.0.4.1 | 6.11 | 53.91 | 60.02 | OK | |
r-release-macos-arm64 | 1.0.4.1 | 35.00 | OK | |||
r-release-macos-x86_64 | 1.0.4.1 | 55.00 | OK | |||
r-release-windows-x86_64 | 1.0.4.1 | 7.00 | 70.00 | 77.00 | OK | |
r-oldrel-macos-arm64 | 1.0.4.1 | 32.00 | OK | |||
r-oldrel-macos-x86_64 | 1.0.4.1 | 43.00 | OK | |||
r-oldrel-windows-x86_64 | 1.0.4.1 | 9.00 | 82.00 | 91.00 | OK |
Version: 1.0.4.1
Check: CRAN incoming feasibility
Result: NOTE
Maintainer: ‘Paramita Saha-Chaudhuri <paramita.sahachaudhuri.work@gmail.com>’
No Authors@R field in DESCRIPTION.
Please add one, modifying
Authors@R: c(person(given = c("Patrick", "J."),
family = "Heagerty",
role = "aut",
email = "heagerty@u.washington.edu"),
person(given = c("packaging", "by", "Paramita"),
family = "Saha-Chaudhuri",
role = "aut",
email = "paramita.sahachaudhuri.work@gmail.com"),
person(given = "Paramita",
family = "Saha-Chaudhuri",
role = "cre",
email = "paramita.sahachaudhuri.work@gmail.com"))
as necessary.
Flavor: r-devel-linux-x86_64-debian-gcc