Last updated on 2025-04-29 01:49:45 CEST.
Flavor | Version | Tinstall | Tcheck | Ttotal | Status | Flags |
---|---|---|---|---|---|---|
r-devel-linux-x86_64-debian-clang | 1.0.1 | 6.61 | 584.27 | 590.88 | OK | |
r-devel-linux-x86_64-debian-gcc | 1.0.1 | 4.43 | 394.89 | 399.32 | NOTE | |
r-devel-linux-x86_64-fedora-clang | 1.0.1 | 927.13 | OK | |||
r-devel-linux-x86_64-fedora-gcc | 1.0.1 | 917.43 | OK | |||
r-devel-windows-x86_64 | 1.0.1 | 8.00 | 524.00 | 532.00 | OK | |
r-patched-linux-x86_64 | 1.0.1 | 7.18 | 563.22 | 570.40 | OK | |
r-release-linux-x86_64 | 1.0.1 | 6.58 | 563.30 | 569.88 | OK | |
r-release-macos-arm64 | 1.0.1 | 256.00 | OK | |||
r-release-macos-x86_64 | 1.0.1 | 556.00 | OK | |||
r-release-windows-x86_64 | 1.0.1 | 9.00 | 532.00 | 541.00 | OK | |
r-oldrel-macos-arm64 | 1.0.1 | 252.00 | OK | |||
r-oldrel-macos-x86_64 | 1.0.1 | 397.00 | OK | |||
r-oldrel-windows-x86_64 | 1.0.1 | 12.00 | 739.00 | 751.00 | OK |
Version: 1.0.1
Check: examples
Result: NOTE
Examples with CPU (user + system) or elapsed time > 5s
user system elapsed
plot.gComp 6.024 0.086 6.675
Flavor: r-devel-linux-x86_64-debian-gcc