Last updated on 2025-07-19 13:50:22 CEST.
Flavor | Version | Tinstall | Tcheck | Ttotal | Status | Flags |
---|---|---|---|---|---|---|
r-devel-linux-x86_64-debian-clang | 0.3.8 | 3.60 | 63.33 | 66.93 | NOTE | |
r-devel-linux-x86_64-debian-gcc | 0.3.8 | 2.52 | 48.74 | 51.26 | NOTE | |
r-devel-linux-x86_64-fedora-clang | 0.3.8 | 104.50 | NOTE | |||
r-devel-linux-x86_64-fedora-gcc | 0.3.8 | 113.02 | NOTE | |||
r-devel-windows-x86_64 | 0.3.8 | 9.00 | 80.00 | 89.00 | NOTE | |
r-patched-linux-x86_64 | 0.3.8 | 3.79 | 60.71 | 64.50 | NOTE | |
r-release-linux-x86_64 | 0.3.8 | 2.96 | 61.08 | 64.04 | NOTE | |
r-release-macos-arm64 | 0.3.8 | 60.00 | NOTE | |||
r-release-macos-x86_64 | 0.3.8 | 95.00 | NOTE | |||
r-release-windows-x86_64 | 0.3.8 | 9.00 | 78.00 | 87.00 | NOTE | |
r-oldrel-macos-arm64 | 0.3.8 | 45.00 | NOTE | |||
r-oldrel-macos-x86_64 | 0.3.8 | 61.00 | NOTE | |||
r-oldrel-windows-x86_64 | 0.3.8 | 11.00 | 96.00 | 107.00 | NOTE |
Version: 0.3.8
Check: Rd files
Result: NOTE
checkRd: (-1) rhandsontable-package.Rd:8: Lost braces
8 | R interface for creating tables using Handsontable, url{https://handsontable.com/}
| ^
Flavors: r-devel-linux-x86_64-debian-clang, r-devel-linux-x86_64-debian-gcc, r-devel-linux-x86_64-fedora-clang, r-devel-linux-x86_64-fedora-gcc, r-devel-windows-x86_64, r-patched-linux-x86_64, r-release-linux-x86_64, r-release-macos-arm64, r-release-macos-x86_64, r-release-windows-x86_64, r-oldrel-macos-arm64, r-oldrel-macos-x86_64, r-oldrel-windows-x86_64
Version: 0.3.8
Check: installed package size
Result: NOTE
installed size is 11.7Mb
sub-directories of 1Mb or more:
doc 10.3Mb
htmlwidgets 1.2Mb
Flavors: r-oldrel-macos-arm64, r-oldrel-macos-x86_64, r-oldrel-windows-x86_64