Last updated on 2024-08-16 12:49:18 CEST.
Flavor | Version | Tinstall | Tcheck | Ttotal | Status | Flags |
---|---|---|---|---|---|---|
r-devel-linux-x86_64-debian-clang | 0.2.0 | 4.25 | 32.08 | 36.33 | NOTE | |
r-devel-linux-x86_64-debian-gcc | 0.2.0 | 3.02 | 23.70 | 26.72 | NOTE | |
r-devel-linux-x86_64-fedora-clang | 0.2.0 | 59.00 | NOTE | |||
r-devel-linux-x86_64-fedora-gcc | 0.2.0 | 54.53 | NOTE | |||
r-devel-windows-x86_64 | 0.2.0 | 5.00 | 50.00 | 55.00 | NOTE | |
r-patched-linux-x86_64 | 0.2.0 | 3.84 | 30.60 | 34.44 | NOTE | |
r-release-linux-x86_64 | 0.2.0 | 4.03 | 31.15 | 35.18 | NOTE | |
r-release-macos-arm64 | 0.2.0 | 21.00 | NOTE | |||
r-release-macos-x86_64 | 0.2.0 | 31.00 | NOTE | |||
r-release-windows-x86_64 | 0.2.0 | 5.00 | 52.00 | 57.00 | NOTE | |
r-oldrel-macos-arm64 | 0.2.0 | 20.00 | NOTE | |||
r-oldrel-macos-x86_64 | 0.2.0 | 31.00 | NOTE | |||
r-oldrel-windows-x86_64 | 0.2.0 | 6.00 | 57.00 | 63.00 | NOTE |
Version: 0.2.0
Check: LazyData
Result: NOTE
'LazyData' is specified without a 'data' directory
Flavors: r-devel-linux-x86_64-debian-clang, r-devel-linux-x86_64-debian-gcc, r-devel-linux-x86_64-fedora-clang, r-devel-linux-x86_64-fedora-gcc, r-devel-windows-x86_64, r-patched-linux-x86_64, r-release-linux-x86_64, r-release-macos-arm64, r-release-macos-x86_64, r-release-windows-x86_64, r-oldrel-macos-arm64, r-oldrel-macos-x86_64, r-oldrel-windows-x86_64