CRAN Package Check Results for Package rgm

Last updated on 2025-07-20 12:49:35 CEST.

Flavor Version Tinstall Tcheck Ttotal Status Flags
r-devel-linux-x86_64-debian-clang 1.0.4 16.75 54.63 71.38 NOTE
r-devel-linux-x86_64-debian-gcc 1.0.4 12.19 41.71 53.90 NOTE
r-devel-linux-x86_64-fedora-clang 1.0.4 123.85 OK
r-devel-linux-x86_64-fedora-gcc 1.0.4 122.42 OK
r-devel-windows-x86_64 1.0.4 22.00 87.00 109.00 OK
r-patched-linux-x86_64 1.0.4 17.04 50.48 67.52 OK
r-release-linux-x86_64 1.0.4 16.07 50.86 66.93 OK
r-release-macos-arm64 1.0.4 37.00 OK
r-release-macos-x86_64 1.0.4 71.00 OK
r-release-windows-x86_64 1.0.4 21.00 87.00 108.00 OK
r-oldrel-macos-arm64 1.0.4 38.00 OK
r-oldrel-macos-x86_64 1.0.4 66.00 OK
r-oldrel-windows-x86_64 1.0.4 28.00 102.00 130.00 OK

Check Details

Version: 1.0.4
Check: CRAN incoming feasibility
Result: NOTE Maintainer: ‘Francisco Richter <richtf@usi.ch>’ The Description field contains Environments." <arXiv:2304.01956>. Please refer to arXiv e-prints via their arXiv DOI <doi:10.48550/arXiv.YYMM.NNNNN>. Flavors: r-devel-linux-x86_64-debian-clang, r-devel-linux-x86_64-debian-gcc