Last updated on 2025-04-29 13:51:37 CEST.
Flavor | Version | Tinstall | Tcheck | Ttotal | Status | Flags |
---|---|---|---|---|---|---|
r-devel-linux-x86_64-debian-clang | 1.3 | 3.84 | 32.94 | 36.78 | NOTE | |
r-devel-linux-x86_64-debian-gcc | 1.3 | 3.16 | 25.67 | 28.83 | NOTE | |
r-devel-linux-x86_64-fedora-clang | 1.3 | 62.12 | OK | |||
r-devel-linux-x86_64-fedora-gcc | 1.3 | 57.62 | OK | |||
r-devel-windows-x86_64 | 1.3 | 5.00 | 53.00 | 58.00 | OK | |
r-patched-linux-x86_64 | 1.3 | 3.68 | 32.05 | 35.73 | OK | |
r-release-linux-x86_64 | 1.3 | 3.58 | 31.32 | 34.90 | OK | |
r-release-macos-arm64 | 1.3 | 20.00 | OK | |||
r-release-macos-x86_64 | 1.3 | 33.00 | OK | |||
r-release-windows-x86_64 | 1.3 | 7.00 | 58.00 | 65.00 | OK | |
r-oldrel-macos-arm64 | 1.3 | 19.00 | OK | |||
r-oldrel-macos-x86_64 | 1.3 | 27.00 | OK | |||
r-oldrel-windows-x86_64 | 1.3 | 6.00 | 55.00 | 61.00 | OK |
Version: 1.3
Check: CRAN incoming feasibility
Result: NOTE
Maintainer: ‘Danail Obreschkow <danail.obreschkow@gmail.com>’
No Authors@R field in DESCRIPTION.
Please add one, modifying
Authors@R: person(given = "Danail",
family = "Obreschkow",
role = c("aut", "cre"),
email = "danail.obreschkow@gmail.com")
as necessary.
Flavors: r-devel-linux-x86_64-debian-clang, r-devel-linux-x86_64-debian-gcc