Last updated on 2025-04-29 13:51:37 CEST.
Flavor | Version | Tinstall | Tcheck | Ttotal | Status | Flags |
---|---|---|---|---|---|---|
r-devel-linux-x86_64-debian-clang | 1.3.18 | 126.57 | 218.00 | 344.57 | NOTE | |
r-devel-linux-x86_64-debian-gcc | 1.3.18 | 84.49 | 151.13 | 235.62 | OK | |
r-devel-linux-x86_64-fedora-clang | 1.3.18 | 746.16 | OK | |||
r-devel-linux-x86_64-fedora-gcc | 1.3.18 | 616.29 | OK | |||
r-devel-windows-x86_64 | 1.3.18 | 225.00 | 265.00 | 490.00 | OK | |
r-patched-linux-x86_64 | 1.3.18 | 121.51 | 207.76 | 329.27 | OK | |
r-release-linux-x86_64 | 1.3.18 | 118.79 | 203.68 | 322.47 | OK | |
r-release-macos-arm64 | 1.3.18 | 188.00 | OK | |||
r-release-macos-x86_64 | 1.3.18 | 244.00 | OK | |||
r-release-windows-x86_64 | 1.3.18 | 227.00 | 264.00 | 491.00 | OK | |
r-oldrel-macos-arm64 | 1.3.18 | 157.00 | NOTE | |||
r-oldrel-macos-x86_64 | 1.3.18 | 233.00 | NOTE | |||
r-oldrel-windows-x86_64 | 1.3.18 | 234.00 | 319.00 | 553.00 | NOTE |
Version: 1.3.18
Check: examples
Result: NOTE
Examples with CPU (user + system) or elapsed time > 5s
user system elapsed
as.mesh3d.ashape3d 5.219 0.096 7.01
Flavor: r-devel-linux-x86_64-debian-clang
Version: 1.3.18
Check: installed package size
Result: NOTE
installed size is 35.1Mb
sub-directories of 1Mb or more:
doc 5.6Mb
fonts 1.5Mb
libs 24.7Mb
Flavors: r-oldrel-macos-arm64, r-oldrel-macos-x86_64, r-oldrel-windows-x86_64