Last updated on 2025-04-29 01:49:45 CEST.
Flavor | Version | Tinstall | Tcheck | Ttotal | Status | Flags |
---|---|---|---|---|---|---|
r-devel-linux-x86_64-debian-clang | 0.16.3 | 5.71 | 54.57 | 60.28 | OK | |
r-devel-linux-x86_64-debian-gcc | 0.16.3 | 4.18 | 42.18 | 46.36 | NOTE | |
r-devel-linux-x86_64-fedora-clang | 0.16.3 | 97.04 | OK | |||
r-devel-linux-x86_64-fedora-gcc | 0.16.3 | 105.66 | OK | |||
r-devel-windows-x86_64 | 0.16.3 | 9.00 | 73.00 | 82.00 | OK | |
r-patched-linux-x86_64 | 0.16.3 | 6.26 | 52.24 | 58.50 | OK | |
r-release-linux-x86_64 | 0.16.3 | 5.72 | 52.12 | 57.84 | OK | |
r-release-macos-arm64 | 0.16.3 | 62.00 | OK | |||
r-release-macos-x86_64 | 0.16.3 | 132.00 | OK | |||
r-release-windows-x86_64 | 0.16.3 | 8.00 | 79.00 | 87.00 | OK | |
r-oldrel-macos-arm64 | 0.16.3 | 41.00 | OK | |||
r-oldrel-macos-x86_64 | 0.16.3 | 95.00 | OK | |||
r-oldrel-windows-x86_64 | 0.16.3 | 9.00 | 84.00 | 93.00 | OK |
Version: 0.16.3
Check: DESCRIPTION meta-information
Result: NOTE
Author field differs from that derived from Authors@R
Author: ‘George Vega Yon [aut, cre] (<https://orcid.org/0000-0002-3171-0844>), Jorge Fábrega Lacoa [ctb], Joshua Kunst [ctb], Raphaël Velt [cph] (gexf-js library), Gephi Consortium [cph] (GEXF language), Cornelius Fritz [rev] (JOSS reviewer), Jonathan Cardoso Silva [rev] (JOSS reviewer)’
Authors@R: ‘George Vega Yon [aut, cre] (ORCID: <https://orcid.org/0000-0002-3171-0844>), Jorge Fábrega Lacoa [ctb], Joshua Kunst [ctb], Raphaël Velt [cph] (gexf-js library), Gephi Consortium [cph] (GEXF language), Cornelius Fritz [rev] (what: JOSS reviewer), Jonathan Cardoso Silva [rev] (what: JOSS reviewer)’
Flavor: r-devel-linux-x86_64-debian-gcc