CRAN Package Check Results for Package revert

Last updated on 2025-04-29 01:49:45 CEST.

Flavor Version Tinstall Tcheck Ttotal Status Flags
r-devel-linux-x86_64-debian-clang 0.0.1 40.57 336.40 376.97 OK
r-devel-linux-x86_64-debian-gcc 0.0.1 25.44 256.65 282.09 OK
r-devel-linux-x86_64-fedora-clang 0.0.1 634.52 OK
r-devel-linux-x86_64-fedora-gcc 0.0.1 597.90 OK
r-devel-windows-x86_64 0.0.1 5.00 5.00 10.00 ERROR
r-patched-linux-x86_64 0.0.1 33.04 317.97 351.01 OK
r-release-linux-x86_64 0.0.1 37.98 320.97 358.95 OK
r-release-macos-arm64 0.0.1 5.00 ERROR
r-release-macos-x86_64 0.0.1 7.00 ERROR
r-release-windows-x86_64 0.0.1 35.00 278.00 313.00 OK
r-oldrel-macos-arm64 0.0.1 9.00 ERROR
r-oldrel-macos-x86_64 0.0.1 11.00 ERROR
r-oldrel-windows-x86_64 0.0.1 38.00 380.00 418.00 OK

Check Details

Version: 0.0.1
Check: whether package can be installed
Result: ERROR Installation failed. Flavor: r-devel-windows-x86_64

Version: 0.0.1
Check: package dependencies
Result: ERROR Package required but not available: ‘BSgenome.Hsapiens.UCSC.hg38’ See section ‘The DESCRIPTION file’ in the ‘Writing R Extensions’ manual. Flavors: r-release-macos-arm64, r-release-macos-x86_64, r-oldrel-macos-arm64, r-oldrel-macos-x86_64