Last updated on 2025-04-29 01:49:45 CEST.
Flavor | Version | Tinstall | Tcheck | Ttotal | Status | Flags |
---|---|---|---|---|---|---|
r-devel-linux-x86_64-debian-clang | 1.0.0 | 6.01 | 56.50 | 62.51 | OK | |
r-devel-linux-x86_64-debian-gcc | 1.0.0 | 4.75 | 43.49 | 48.24 | NOTE | |
r-devel-linux-x86_64-fedora-clang | 1.0.0 | 100.34 | OK | |||
r-devel-linux-x86_64-fedora-gcc | 1.0.0 | 91.12 | OK | |||
r-devel-windows-x86_64 | 1.0.0 | 7.00 | 73.00 | 80.00 | OK | |
r-patched-linux-x86_64 | 1.0.0 | 6.87 | 56.21 | 63.08 | OK | |
r-release-linux-x86_64 | 1.0.0 | 6.73 | 56.76 | 63.49 | OK | |
r-release-macos-arm64 | 1.0.0 | 30.00 | OK | |||
r-release-macos-x86_64 | 1.0.0 | 80.00 | OK | |||
r-release-windows-x86_64 | 1.0.0 | 10.00 | 73.00 | 83.00 | OK | |
r-oldrel-macos-arm64 | 1.0.0 | 35.00 | OK | |||
r-oldrel-macos-x86_64 | 1.0.0 | 85.00 | OK | |||
r-oldrel-windows-x86_64 | 1.0.0 | 10.00 | 87.00 | 97.00 | OK |
Version: 1.0.0
Check: examples
Result: NOTE
Examples with CPU (user + system) or elapsed time > 5s
user system elapsed
retentionmort_generation 3.84 0.307 5.097
Flavor: r-devel-linux-x86_64-debian-gcc