CRAN Package Check Results for Package requireR

Last updated on 2025-05-17 12:50:33 CEST.

Flavor Version Tinstall Tcheck Ttotal Status Flags
r-devel-linux-x86_64-debian-clang 1.0.0.1 1.61 19.96 21.57 OK
r-devel-linux-x86_64-debian-gcc 1.0.0.1 1.40 16.56 17.96 OK
r-devel-linux-x86_64-fedora-clang 1.0.0.1 34.62 OK
r-devel-linux-x86_64-fedora-gcc 1.0.0.1 47.08 OK
r-devel-windows-x86_64 1.0.0.1 3.00 43.00 46.00 OK
r-patched-linux-x86_64 1.0.0.1 1.35 19.01 20.36 OK
r-release-linux-x86_64 1.0.0.1 1.59 19.10 20.69 OK
r-release-macos-arm64 1.0.0.1 31.00 OK
r-release-macos-x86_64 1.0.0.1 37.00 OK
r-release-windows-x86_64 1.0.0.1 4.00 41.00 45.00 OK
r-oldrel-macos-arm64 1.0.0.1 19.00 NOTE
r-oldrel-macos-x86_64 1.0.0.1 30.00 NOTE
r-oldrel-windows-x86_64 1.0.0.1 2.00 45.00 47.00 NOTE

Check Details

Version: 1.0.0.1
Check: LazyData
Result: NOTE 'LazyData' is specified without a 'data' directory Flavors: r-oldrel-macos-arm64, r-oldrel-macos-x86_64, r-oldrel-windows-x86_64