Last updated on 2025-05-19 01:50:05 CEST.
Flavor | Version | Tinstall | Tcheck | Ttotal | Status | Flags |
---|---|---|---|---|---|---|
r-devel-linux-x86_64-debian-clang | 2.1.5 | 3.19 | 34.54 | 37.73 | NOTE | |
r-devel-linux-x86_64-debian-gcc | 2.1.5 | 2.49 | 25.94 | 28.43 | NOTE | |
r-devel-linux-x86_64-fedora-clang | 2.1.5 | 59.19 | NOTE | |||
r-devel-linux-x86_64-fedora-gcc | 2.1.5 | 81.64 | NOTE | |||
r-devel-windows-x86_64 | 2.1.5 | 4.00 | 74.00 | 78.00 | NOTE | |
r-patched-linux-x86_64 | 2.1.5 | 3.49 | 32.13 | 35.62 | NOTE | |
r-release-linux-x86_64 | 2.1.5 | 3.53 | 31.62 | 35.15 | NOTE | |
r-release-macos-arm64 | 2.1.5 | 33.00 | NOTE | |||
r-release-macos-x86_64 | 2.1.5 | 71.00 | NOTE | |||
r-release-windows-x86_64 | 2.1.5 | 5.00 | 72.00 | 77.00 | NOTE | |
r-oldrel-macos-arm64 | 2.1.5 | 28.00 | NOTE | |||
r-oldrel-macos-x86_64 | 2.1.5 | 48.00 | NOTE | |||
r-oldrel-windows-x86_64 | 2.1.5 | 5.00 | 70.00 | 75.00 | NOTE |
Version: 2.1.5
Check: CRAN incoming feasibility
Result: NOTE
Maintainer: ‘Francesco Napolitano <franapoli@gmail.com>’
No Authors@R field in DESCRIPTION.
Please add one, modifying
Authors@R: person(given = "Francesco",
family = "Napolitano",
role = c("aut", "cre"),
email = "franapoli@gmail.com")
as necessary.
Flavors: r-devel-linux-x86_64-debian-clang, r-devel-linux-x86_64-debian-gcc
Version: 2.1.5
Check: package subdirectories
Result: NOTE
Problems with news in ‘NEWS.md’:
No news entries found.
Flavors: r-devel-linux-x86_64-debian-clang, r-devel-linux-x86_64-debian-gcc, r-devel-linux-x86_64-fedora-clang, r-devel-linux-x86_64-fedora-gcc, r-devel-windows-x86_64, r-patched-linux-x86_64, r-release-linux-x86_64, r-release-macos-arm64, r-release-macos-x86_64, r-release-windows-x86_64, r-oldrel-macos-arm64, r-oldrel-macos-x86_64, r-oldrel-windows-x86_64
Version: 2.1.5
Check: Rd files
Result: NOTE
checkRd: (-1) repo_build.Rd:44-47: Lost braces
44 | ## chunk "item 1" {
| ^
checkRd: (-1) repo_dependencies.Rd:48: Lost braces in \itemize; meant \describe ?
checkRd: (-1) repo_dependencies.Rd:49-50: Lost braces in \itemize; meant \describe ?
checkRd: (-1) repo_dependencies.Rd:51-53: Lost braces in \itemize; meant \describe ?
Flavors: r-devel-linux-x86_64-debian-clang, r-devel-linux-x86_64-debian-gcc, r-devel-linux-x86_64-fedora-clang, r-devel-linux-x86_64-fedora-gcc, r-devel-windows-x86_64, r-patched-linux-x86_64, r-release-linux-x86_64, r-release-macos-arm64, r-release-macos-x86_64, r-release-windows-x86_64, r-oldrel-macos-arm64, r-oldrel-macos-x86_64, r-oldrel-windows-x86_64