Last updated on 2024-08-16 12:49:18 CEST.
Flavor | Version | Tinstall | Tcheck | Ttotal | Status | Flags |
---|---|---|---|---|---|---|
r-devel-linux-x86_64-debian-clang | 1.0.4 | 78.41 | 261.45 | 339.86 | OK | |
r-devel-linux-x86_64-debian-gcc | 1.0.4 | 62.25 | 193.36 | 255.61 | OK | |
r-devel-linux-x86_64-fedora-clang | 1.0.4 | 584.82 | OK | |||
r-devel-linux-x86_64-fedora-gcc | 1.0.4 | 651.63 | OK | |||
r-devel-windows-x86_64 | 1.0.4 | 81.00 | 310.00 | 391.00 | OK | |
r-patched-linux-x86_64 | 1.0.4 | 87.31 | 278.13 | 365.44 | OK | |
r-release-linux-x86_64 | 1.0.4 | 89.57 | 275.34 | 364.91 | OK | |
r-release-macos-arm64 | 1.0.4 | 181.00 | NOTE | |||
r-release-macos-x86_64 | 1.0.4 | 279.00 | NOTE | |||
r-release-windows-x86_64 | 1.0.4 | 84.00 | 302.00 | 386.00 | OK | |
r-oldrel-macos-arm64 | 1.0.4 | 206.00 | NOTE | |||
r-oldrel-macos-x86_64 | 1.0.4 | 392.00 | NOTE | |||
r-oldrel-windows-x86_64 | 1.0.4 | 99.00 | 384.00 | 483.00 | OK |
Version: 1.0.4
Check: installed package size
Result: NOTE
installed size is 25.2Mb
sub-directories of 1Mb or more:
libs 23.8Mb
Flavors: r-release-macos-arm64, r-release-macos-x86_64, r-oldrel-macos-arm64, r-oldrel-macos-x86_64