CRAN Package Check Results for Package remedy

Last updated on 2025-07-21 01:49:14 CEST.

Flavor Version Tinstall Tcheck Ttotal Status Flags
r-devel-linux-x86_64-debian-clang 0.1.0 4.38 41.05 45.43 OK
r-devel-linux-x86_64-debian-gcc 0.1.0 2.37 30.82 33.19 OK
r-devel-linux-x86_64-fedora-clang 0.1.0 73.12 OK
r-devel-linux-x86_64-fedora-gcc 0.1.0 83.60 OK
r-devel-windows-x86_64 0.1.0 6.00 61.00 67.00 OK
r-patched-linux-x86_64 0.1.0 4.27 38.68 42.95 OK
r-release-linux-x86_64 0.1.0 4.22 38.59 42.81 OK
r-release-macos-arm64 0.1.0 45.00 OK
r-release-macos-x86_64 0.1.0 117.00 OK
r-release-windows-x86_64 0.1.0 6.00 65.00 71.00 OK
r-oldrel-macos-arm64 0.1.0 30.00 NOTE
r-oldrel-macos-x86_64 0.1.0 45.00 NOTE
r-oldrel-windows-x86_64 0.1.0 8.00 77.00 85.00 NOTE

Check Details

Version: 0.1.0
Check: LazyData
Result: NOTE 'LazyData' is specified without a 'data' directory Flavors: r-oldrel-macos-arm64, r-oldrel-macos-x86_64, r-oldrel-windows-x86_64