Last updated on 2024-08-16 12:49:18 CEST.
Flavor | Version | Tinstall | Tcheck | Ttotal | Status | Flags |
---|---|---|---|---|---|---|
r-devel-linux-x86_64-debian-clang | 2.2-9 | 16.35 | 103.30 | 119.65 | NOTE | |
r-devel-linux-x86_64-debian-gcc | 2.2-9 | 12.27 | 69.21 | 81.48 | NOTE | |
r-devel-linux-x86_64-fedora-clang | 2.2-9 | 193.87 | OK | |||
r-devel-linux-x86_64-fedora-gcc | 2.2-9 | 182.03 | OK | |||
r-devel-windows-x86_64 | 2.2-9 | 22.00 | 117.00 | 139.00 | NOTE | |
r-patched-linux-x86_64 | 2.2-9 | 17.52 | 97.29 | 114.81 | OK | |
r-release-linux-x86_64 | 2.2-9 | 18.25 | 97.35 | 115.60 | OK | |
r-release-macos-arm64 | 2.2-9 | 54.00 | OK | |||
r-release-macos-x86_64 | 2.2-9 | 84.00 | OK | |||
r-release-windows-x86_64 | 2.2-9 | 22.00 | 119.00 | 141.00 | OK | |
r-oldrel-macos-arm64 | 2.2-9 | 59.00 | OK | |||
r-oldrel-macos-x86_64 | 2.2-9 | 97.00 | OK | |||
r-oldrel-windows-x86_64 | 2.2-9 | 30.00 | 141.00 | 171.00 | OK |
Version: 2.2-9
Check: Rd cross-references
Result: NOTE
Found the following Rd file(s) with Rd \link{} targets missing package
anchors:
joinrate.Rd: ratetable
plot.rs.zph.Rd: plot.cox.zph
rs.zph.Rd: cox.zph
rstrans.Rd: survexp
survsplit.Rd: survSplit
transrate.Rd: ratetable
transrate.hld.Rd: ratetable
transrate.hmd.Rd: ratetable
Please provide package anchors for all Rd \link{} targets not in the
package itself and the base packages.
Flavors: r-devel-linux-x86_64-debian-clang, r-devel-linux-x86_64-debian-gcc, r-devel-windows-x86_64