Last updated on 2025-07-21 01:49:14 CEST.
Flavor | Version | Tinstall | Tcheck | Ttotal | Status | Flags |
---|---|---|---|---|---|---|
r-devel-linux-x86_64-debian-clang | 3.2.2 | 10.15 | 182.71 | 192.86 | NOTE | |
r-devel-linux-x86_64-debian-gcc | 3.2.2 | 8.51 | 128.91 | 137.42 | NOTE | |
r-devel-linux-x86_64-fedora-clang | 3.2.2 | 300.65 | NOTE | |||
r-devel-linux-x86_64-fedora-gcc | 3.2.2 | 309.82 | NOTE | |||
r-devel-windows-x86_64 | 3.2.2 | 22.00 | 246.00 | 268.00 | NOTE | |
r-patched-linux-x86_64 | 3.2.2 | 11.80 | 177.26 | 189.06 | NOTE | |
r-release-linux-x86_64 | 3.2.2 | 11.56 | 177.60 | 189.16 | NOTE | |
r-release-macos-arm64 | 3.2.2 | 104.00 | NOTE | |||
r-release-macos-x86_64 | 3.2.2 | 228.00 | NOTE | |||
r-release-windows-x86_64 | 3.2.2 | 20.00 | 257.00 | 277.00 | NOTE | |
r-oldrel-macos-arm64 | 3.2.2 | 91.00 | NOTE | |||
r-oldrel-macos-x86_64 | 3.2.2 | 146.00 | NOTE | |||
r-oldrel-windows-x86_64 | 3.2.2 | 21.00 | 318.00 | 339.00 | NOTE |
Version: 3.2.2
Check: Rd files
Result: NOTE
checkRd: (-1) plot.ehh.Rd:27: Lost braces
27 | \item{type}{plot type (see code{\link[graphics]{plot.default}} and \code{\link[graphics]{matplot}}).
| ^
checkRd: (-1) plot.ehhs.Rd:27: Lost braces
27 | \item{type}{plot type (see code{\link[graphics]{plot.default}}.
| ^
Flavors: r-devel-linux-x86_64-debian-clang, r-devel-linux-x86_64-debian-gcc, r-devel-linux-x86_64-fedora-clang, r-devel-linux-x86_64-fedora-gcc, r-devel-windows-x86_64, r-patched-linux-x86_64, r-release-linux-x86_64, r-release-macos-arm64, r-release-macos-x86_64, r-release-windows-x86_64, r-oldrel-macos-arm64, r-oldrel-macos-x86_64, r-oldrel-windows-x86_64
Version: 3.2.2
Check: compiled code
Result: NOTE
File ‘rehh/libs/rehh.so’:
Found non-API call to R: ‘SETLENGTH’
Compiled code should not call non-API entry points in R.
See ‘Writing portable packages’ in the ‘Writing R Extensions’ manual,
and section ‘Moving into C API compliance’ for issues with the use of
non-API entry points.
Flavors: r-devel-linux-x86_64-debian-clang, r-devel-linux-x86_64-debian-gcc, r-devel-linux-x86_64-fedora-clang, r-devel-linux-x86_64-fedora-gcc, r-patched-linux-x86_64, r-release-linux-x86_64, r-release-macos-arm64, r-release-macos-x86_64
Version: 3.2.2
Check: compiled code
Result: NOTE
File 'rehh/libs/x64/rehh.dll':
Found non-API call to R: 'SETLENGTH'
Compiled code should not call non-API entry points in R.
See 'Writing portable packages' in the 'Writing R Extensions' manual,
and section 'Moving into C API compliance' for issues with the use of
non-API entry points.
Flavors: r-devel-windows-x86_64, r-release-windows-x86_64