Last updated on 2025-05-19 01:50:05 CEST.
Flavor | Version | Tinstall | Tcheck | Ttotal | Status | Flags |
---|---|---|---|---|---|---|
r-devel-linux-x86_64-debian-clang | 1.0.1 | 10.09 | 191.21 | 201.30 | OK | |
r-devel-linux-x86_64-debian-gcc | 1.0.1 | 6.68 | 131.85 | 138.53 | OK | |
r-devel-linux-x86_64-fedora-clang | 1.0.1 | 316.20 | NOTE | |||
r-devel-linux-x86_64-fedora-gcc | 1.0.1 | 355.14 | NOTE | |||
r-devel-windows-x86_64 | 1.0.1 | 11.00 | 211.00 | 222.00 | OK | |
r-patched-linux-x86_64 | 1.0.1 | 9.57 | 181.67 | 191.24 | OK | |
r-release-linux-x86_64 | 1.0.1 | 8.47 | 183.31 | 191.78 | OK | |
r-release-macos-arm64 | 1.0.1 | 131.00 | OK | |||
r-release-macos-x86_64 | 1.0.1 | 229.00 | OK | |||
r-release-windows-x86_64 | 1.0.1 | 10.00 | 191.00 | 201.00 | OK | |
r-oldrel-macos-arm64 | 1.0.1 | 114.00 | OK | |||
r-oldrel-macos-x86_64 | 1.0.1 | 188.00 | OK | |||
r-oldrel-windows-x86_64 | 1.0.1 | 13.00 | 251.00 | 264.00 | OK |
Version: 1.0.1
Check: dependencies in R code
Result: NOTE
Namespace in Imports field not imported from: ‘Deriv’
All declared Imports should be used.
Flavors: r-devel-linux-x86_64-fedora-clang, r-devel-linux-x86_64-fedora-gcc