CRAN Package Check Results for Package redux

Last updated on 2025-07-20 01:49:38 CEST.

Flavor Version Tinstall Tcheck Ttotal Status Flags
r-devel-linux-x86_64-debian-clang 1.1.4 7.32 39.93 47.25 NOTE
r-devel-linux-x86_64-debian-gcc 1.1.4 5.17 30.09 35.26 NOTE
r-devel-linux-x86_64-fedora-clang 1.1.4 74.89 OK
r-devel-linux-x86_64-fedora-gcc 1.1.4 89.71 OK
r-devel-windows-x86_64 1.1.4 21.00 78.00 99.00 NOTE
r-patched-linux-x86_64 1.1.4 6.43 36.83 43.26 NOTE
r-release-linux-x86_64 1.1.4 6.69 37.23 43.92 NOTE
r-release-macos-arm64 1.1.4 40.00 OK
r-release-macos-x86_64 1.1.4 66.00 OK
r-release-windows-x86_64 1.1.4 22.00 77.00 99.00 NOTE
r-oldrel-macos-arm64 1.1.4 36.00 OK
r-oldrel-macos-x86_64 1.1.4 50.00 OK
r-oldrel-windows-x86_64 1.1.4 24.00 88.00 112.00 OK

Check Details

Version: 1.1.4
Check: Rd cross-references
Result: NOTE Found the following Rd file(s) with Rd \link{} targets missing package anchors: storr_redis_api.Rd: storr Please provide package anchors for all Rd \link{} targets not in the package itself and the base packages. Flavors: r-devel-linux-x86_64-debian-clang, r-devel-linux-x86_64-debian-gcc, r-devel-windows-x86_64, r-patched-linux-x86_64, r-release-linux-x86_64, r-release-windows-x86_64