Last updated on 2025-05-19 01:50:05 CEST.
Flavor | Version | Tinstall | Tcheck | Ttotal | Status | Flags |
---|---|---|---|---|---|---|
r-devel-linux-x86_64-debian-clang | 2.16.0 | 48.38 | 198.68 | 247.06 | NOTE | |
r-devel-linux-x86_64-debian-gcc | 2.16.0 | 33.46 | 137.41 | 170.87 | NOTE | |
r-devel-linux-x86_64-fedora-clang | 2.16.0 | 417.12 | OK | |||
r-devel-linux-x86_64-fedora-gcc | 2.16.0 | 438.85 | OK | |||
r-devel-windows-x86_64 | 2.16.0 | 47.00 | 289.00 | 336.00 | OK | |
r-patched-linux-x86_64 | 2.16.0 | 49.27 | 189.59 | 238.86 | NOTE | |
r-release-linux-x86_64 | 2.16.0 | 46.36 | 190.54 | 236.90 | NOTE | |
r-release-macos-arm64 | 2.16.0 | 113.00 | OK | |||
r-release-macos-x86_64 | 2.16.0 | 197.00 | OK | |||
r-release-windows-x86_64 | 2.16.0 | 46.00 | 284.00 | 330.00 | OK | |
r-oldrel-macos-arm64 | 2.16.0 | 134.00 | NOTE | |||
r-oldrel-macos-x86_64 | 2.16.0 | 360.00 | NOTE | |||
r-oldrel-windows-x86_64 | 2.16.0 | 48.00 | 258.00 | 306.00 | OK |
Version: 2.16.0
Check: for unstated dependencies in ‘demo’
Result: NOTE
'library' or 'require' calls not declared from:
‘FNN’ ‘MASS’ ‘e1071’ ‘flexmix’
Flavors: r-devel-linux-x86_64-debian-clang, r-devel-linux-x86_64-debian-gcc, r-patched-linux-x86_64, r-release-linux-x86_64
Version: 2.16.0
Check: installed package size
Result: NOTE
installed size is 5.5Mb
sub-directories of 1Mb or more:
R 2.1Mb
data 1.7Mb
Flavors: r-oldrel-macos-arm64, r-oldrel-macos-x86_64