Last updated on 2024-07-13 12:48:25 CEST.
Flavor | Version | Tinstall | Tcheck | Ttotal | Status | Flags |
---|---|---|---|---|---|---|
r-devel-linux-x86_64-debian-clang | 1.0.0 | 3.55 | 50.64 | 54.19 | NOTE | |
r-devel-linux-x86_64-debian-gcc | 1.0.0 | 4.06 | 37.32 | 41.38 | NOTE | |
r-devel-linux-x86_64-fedora-clang | 1.0.0 | 69.16 | NOTE | |||
r-devel-linux-x86_64-fedora-gcc | 1.0.0 | 63.63 | NOTE | |||
r-devel-windows-x86_64 | 1.0.0 | 5.00 | 57.00 | 62.00 | NOTE | |
r-patched-linux-x86_64 | 1.0.0 | 3.74 | 48.36 | 52.10 | NOTE | |
r-release-linux-x86_64 | 1.0.0 | 3.06 | 47.94 | 51.00 | NOTE | |
r-release-macos-arm64 | 1.0.0 | 24.00 | NOTE | |||
r-release-macos-x86_64 | 1.0.0 | 34.00 | NOTE | |||
r-release-windows-x86_64 | 1.0.0 | 6.00 | 58.00 | 64.00 | NOTE | |
r-oldrel-macos-arm64 | 1.0.0 | 29.00 | NOTE | |||
r-oldrel-macos-x86_64 | 1.0.0 | 40.00 | NOTE | |||
r-oldrel-windows-x86_64 | 1.0.0 | 7.00 | 64.00 | 71.00 | NOTE |
Version: 1.0.0
Check: LazyData
Result: NOTE
'LazyData' is specified without a 'data' directory
Flavors: r-devel-linux-x86_64-debian-clang, r-devel-linux-x86_64-debian-gcc, r-devel-linux-x86_64-fedora-clang, r-devel-linux-x86_64-fedora-gcc, r-devel-windows-x86_64, r-patched-linux-x86_64, r-release-linux-x86_64, r-release-macos-arm64, r-release-macos-x86_64, r-release-windows-x86_64, r-oldrel-macos-arm64, r-oldrel-macos-x86_64, r-oldrel-windows-x86_64