CRAN Package Check Results for Package readHAC

Last updated on 2025-04-29 01:49:45 CEST.

Flavor Version Tinstall Tcheck Ttotal Status Flags
r-devel-linux-x86_64-debian-clang 1.0 2.29 19.21 21.50 OK
r-devel-linux-x86_64-debian-gcc 1.0 1.77 15.62 17.39 NOTE
r-devel-linux-x86_64-fedora-clang 1.0 33.70 OK
r-devel-linux-x86_64-fedora-gcc 1.0 32.76 OK
r-devel-windows-x86_64 1.0 6.00 44.00 50.00 OK
r-patched-linux-x86_64 1.0 2.69 18.79 21.48 OK
r-release-linux-x86_64 1.0 2.45 18.89 21.34 OK
r-release-macos-arm64 1.0 17.00 OK
r-release-macos-x86_64 1.0 29.00 OK
r-release-windows-x86_64 1.0 5.00 49.00 54.00 OK
r-oldrel-macos-arm64 1.0 14.00 OK
r-oldrel-macos-x86_64 1.0 21.00 OK
r-oldrel-windows-x86_64 1.0 4.00 42.00 46.00 OK

Check Details

Version: 1.0
Check: CRAN incoming feasibility
Result: NOTE Maintainer: ‘Kasper Kristensen <kaskr@dtu.dk>’ No Authors@R field in DESCRIPTION. Please add one, modifying Authors@R: person(given = "Kasper", family = "Kristensen", role = c("aut", "cre"), email = "kaskr@dtu.dk") as necessary. Flavor: r-devel-linux-x86_64-debian-gcc