Last updated on 2024-06-30 00:59:23 CEST.
Flavor | Version | Tinstall | Tcheck | Ttotal | Status | Flags |
---|---|---|---|---|---|---|
r-devel-linux-x86_64-debian-clang | 1.2.1 | 518.45 | 247.81 | 766.26 | NOTE | |
r-devel-linux-x86_64-debian-gcc | 1.2.1 | 397.51 | 211.30 | 608.81 | NOTE | |
r-devel-linux-x86_64-fedora-clang | 1.2.1 | 936.51 | NOTE | |||
r-devel-linux-x86_64-fedora-gcc | 1.2.1 | 1209.64 | NOTE | |||
r-devel-windows-x86_64 | 1.2.1 | 367.00 | 236.00 | 603.00 | NOTE | |
r-patched-linux-x86_64 | 1.2.1 | 395.34 | 272.67 | 668.01 | NOTE | |
r-release-linux-x86_64 | 1.2.1 | 452.74 | 276.12 | 728.86 | NOTE | |
r-release-macos-arm64 | 1.2.1 | 247.00 | NOTE | |||
r-release-macos-x86_64 | 1.2.1 | 267.00 | NOTE | |||
r-release-windows-x86_64 | 1.2.1 | 346.00 | 235.00 | 581.00 | NOTE | |
r-oldrel-macos-arm64 | 1.2.1 | 174.00 | NOTE | |||
r-oldrel-macos-x86_64 | 1.2.1 | 184.00 | NOTE | |||
r-oldrel-windows-x86_64 | 1.2.1 | 455.00 | 282.00 | 737.00 | NOTE |
Version: 1.2.1
Check: for GNU extensions in Makefiles
Result: NOTE
GNU make is a SystemRequirements.
Flavors: r-devel-linux-x86_64-debian-clang, r-devel-linux-x86_64-debian-gcc, r-devel-linux-x86_64-fedora-clang, r-devel-linux-x86_64-fedora-gcc, r-devel-windows-x86_64, r-patched-linux-x86_64, r-release-linux-x86_64, r-release-macos-arm64, r-release-macos-x86_64, r-release-windows-x86_64, r-oldrel-macos-arm64, r-oldrel-macos-x86_64, r-oldrel-windows-x86_64
Version: 1.2.1
Check: installed package size
Result: NOTE
installed size is 5.9Mb
sub-directories of 1Mb or more:
libs 5.3Mb
Flavors: r-devel-linux-x86_64-fedora-clang, r-release-macos-arm64, r-release-macos-x86_64, r-oldrel-macos-arm64, r-oldrel-macos-x86_64