Last updated on 2024-07-13 12:48:25 CEST.
Flavor | Version | Tinstall | Tcheck | Ttotal | Status | Flags |
---|---|---|---|---|---|---|
r-devel-linux-x86_64-debian-clang | 0.1.3 | 87.53 | 68.27 | 155.80 | OK | |
r-devel-linux-x86_64-debian-gcc | 0.1.3 | 74.20 | 49.45 | 123.65 | OK | |
r-devel-linux-x86_64-fedora-clang | 0.1.3 | 224.52 | OK | |||
r-devel-linux-x86_64-fedora-gcc | 0.1.3 | 249.73 | OK | |||
r-devel-windows-x86_64 | 0.1.3 | 83.00 | 90.00 | 173.00 | OK | |
r-patched-linux-x86_64 | 0.1.3 | 89.08 | 63.86 | 152.94 | OK | |
r-release-linux-x86_64 | 0.1.3 | 95.32 | 65.35 | 160.67 | OK | |
r-release-macos-arm64 | 0.1.3 | 58.00 | NOTE | |||
r-release-macos-x86_64 | 0.1.3 | 76.00 | NOTE | |||
r-release-windows-x86_64 | 0.1.3 | 80.00 | 96.00 | 176.00 | OK | |
r-oldrel-macos-arm64 | 0.1.3 | 55.00 | NOTE | |||
r-oldrel-macos-x86_64 | 0.1.3 | 111.00 | NOTE | |||
r-oldrel-windows-x86_64 | 0.1.3 | 101.00 | 110.00 | 211.00 | OK |
Version: 0.1.3
Check: installed package size
Result: NOTE
installed size is 14.6Mb
sub-directories of 1Mb or more:
libs 14.4Mb
Flavors: r-release-macos-arm64, r-release-macos-x86_64, r-oldrel-macos-arm64, r-oldrel-macos-x86_64