Last updated on 2025-04-29 01:49:44 CEST.
Flavor | Version | Tinstall | Tcheck | Ttotal | Status | Flags |
---|---|---|---|---|---|---|
r-devel-linux-x86_64-debian-clang | 1.2.0 | 4.99 | 30.94 | 35.93 | OK | |
r-devel-linux-x86_64-debian-gcc | 1.2.0 | 3.19 | 23.33 | 26.52 | NOTE | |
r-devel-linux-x86_64-fedora-clang | 1.2.0 | 60.36 | OK | |||
r-devel-linux-x86_64-fedora-gcc | 1.2.0 | 52.13 | OK | |||
r-devel-windows-x86_64 | 1.2.0 | 5.00 | 50.00 | 55.00 | OK | |
r-patched-linux-x86_64 | 1.2.0 | 4.21 | 29.37 | 33.58 | OK | |
r-release-linux-x86_64 | 1.2.0 | 4.42 | 29.74 | 34.16 | OK | |
r-release-macos-arm64 | 1.2.0 | 22.00 | OK | |||
r-release-macos-x86_64 | 1.2.0 | 35.00 | OK | |||
r-release-windows-x86_64 | 1.2.0 | 6.00 | 51.00 | 57.00 | OK | |
r-oldrel-macos-arm64 | 1.2.0 | 20.00 | NOTE | |||
r-oldrel-macos-x86_64 | 1.2.0 | 29.00 | NOTE | |||
r-oldrel-windows-x86_64 | 1.2.0 | 7.00 | 56.00 | 63.00 | NOTE |
Version: 1.2.0
Check: CRAN incoming feasibility
Result: NOTE
Maintainer: ‘Solveig Pospiech <s.pospiech@gmx.de>’
No Authors@R field in DESCRIPTION.
Please add one, modifying
Authors@R: c(person(given = "Solveig",
family = "Pospiech",
role = c("aut", "cre"),
email = "s.pospiech@gmx.de"),
person(given = "Wiebke",
family = "Fahlbusch",
role = "ctb"))
as necessary.
Flavor: r-devel-linux-x86_64-debian-gcc
Version: 1.2.0
Check: LazyData
Result: NOTE
'LazyData' is specified without a 'data' directory
Flavors: r-oldrel-macos-arm64, r-oldrel-macos-x86_64, r-oldrel-windows-x86_64