Last updated on 2024-06-30 00:59:23 CEST.
Flavor | Version | Tinstall | Tcheck | Ttotal | Status | Flags |
---|---|---|---|---|---|---|
r-devel-linux-x86_64-debian-clang | 1.3.1 | 579.18 | 239.50 | 818.68 | NOTE | |
r-devel-linux-x86_64-debian-gcc | 1.3.1 | 495.93 | 213.24 | 709.17 | NOTE | |
r-devel-linux-x86_64-fedora-clang | 1.3.1 | 1017.75 | NOTE | |||
r-devel-linux-x86_64-fedora-gcc | 1.3.1 | 1421.30 | NOTE | |||
r-devel-windows-x86_64 | 1.3.1 | 445.00 | 239.00 | 684.00 | NOTE | |
r-patched-linux-x86_64 | 1.3.1 | 398.38 | 282.30 | 680.68 | NOTE | |
r-release-linux-x86_64 | 1.3.1 | 0.01 | 2.58 | 2.59 | ERROR | |
r-release-macos-arm64 | 1.3.1 | 245.00 | NOTE | |||
r-release-macos-x86_64 | 1.3.1 | 291.00 | NOTE | |||
r-release-windows-x86_64 | 1.3.1 | 439.00 | 235.00 | 674.00 | NOTE | |
r-oldrel-macos-arm64 | 1.3.1 | 428.00 | NOTE | |||
r-oldrel-macos-x86_64 | 1.3.1 | 583.00 | NOTE | |||
r-oldrel-windows-x86_64 | 1.3.1 | 566.00 | 282.00 | 848.00 | NOTE |
Version: 1.3.1
Check: Rd files
Result: NOTE
checkRd: (-1) as_mcmc.list.Rd:5: Lost braces; missing escapes or markup?
5 | \title{Convert a rater_fit object to a {coda} \code{mcmc.list} object.}
| ^
checkRd: (-1) as_mcmc.list.Rd:16: Lost braces; missing escapes or markup?
16 | Convert a rater_fit object to a {coda} \code{mcmc.list} object.
| ^
checkRd: (-1) as_mcmc.list.Rd:13: Lost braces; missing escapes or markup?
13 | A {coda} mcmc.list object.
| ^
Flavors: r-devel-linux-x86_64-debian-clang, r-devel-linux-x86_64-debian-gcc, r-devel-linux-x86_64-fedora-clang, r-devel-linux-x86_64-fedora-gcc, r-devel-windows-x86_64, r-patched-linux-x86_64, r-release-macos-arm64, r-release-macos-x86_64, r-release-windows-x86_64
Version: 1.3.1
Check: for GNU extensions in Makefiles
Result: NOTE
GNU make is a SystemRequirements.
Flavors: r-devel-linux-x86_64-debian-clang, r-devel-linux-x86_64-debian-gcc, r-devel-linux-x86_64-fedora-clang, r-devel-linux-x86_64-fedora-gcc, r-devel-windows-x86_64, r-patched-linux-x86_64, r-release-macos-arm64, r-release-macos-x86_64, r-release-windows-x86_64, r-oldrel-macos-arm64, r-oldrel-macos-x86_64, r-oldrel-windows-x86_64
Version: 1.3.1
Check: installed package size
Result: NOTE
installed size is 6.1Mb
sub-directories of 1Mb or more:
libs 5.3Mb
Flavors: r-devel-linux-x86_64-fedora-clang, r-devel-windows-x86_64, r-release-macos-arm64, r-release-macos-x86_64, r-release-windows-x86_64, r-oldrel-macos-arm64, r-oldrel-macos-x86_64, r-oldrel-windows-x86_64
Version: 1.3.1
Check: whether package can be installed
Result: ERROR
Installation failed.
Flavor: r-release-linux-x86_64