CRAN Package Check Results for Package rasterdiv

Last updated on 2025-04-29 01:49:44 CEST.

Flavor Version Tinstall Tcheck Ttotal Status Flags
r-devel-linux-x86_64-debian-clang 0.3.6 8.32 213.78 222.10 OK
r-devel-linux-x86_64-debian-gcc 0.3.6 6.22 149.86 156.08 NOTE
r-devel-linux-x86_64-fedora-clang 0.3.6 373.22 OK
r-devel-linux-x86_64-fedora-gcc 0.3.6 348.25 OK
r-devel-windows-x86_64 0.3.6 11.00 212.00 223.00 OK
r-patched-linux-x86_64 0.3.6 10.09 208.22 218.31 OK
r-release-linux-x86_64 0.3.6 8.55 208.06 216.61 OK
r-release-macos-arm64 0.3.6 97.00 OK
r-release-macos-x86_64 0.3.6 235.00 OK
r-release-windows-x86_64 0.3.6 12.00 221.00 233.00 OK
r-oldrel-macos-arm64 0.3.6 105.00 OK
r-oldrel-macos-x86_64 0.3.6 169.00 OK
r-oldrel-windows-x86_64 0.3.6 15.00 274.00 289.00 OK

Check Details

Version: 0.3.6
Check: examples
Result: NOTE Examples with CPU (user + system) or elapsed time > 5s user system elapsed copNDVI 3.903 0.168 5.017 Flavor: r-devel-linux-x86_64-debian-gcc