Last updated on 2024-07-13 12:48:25 CEST.
Flavor | Version | Tinstall | Tcheck | Ttotal | Status | Flags |
---|---|---|---|---|---|---|
r-devel-linux-x86_64-debian-clang | 3.6-26 | 299.73 | 538.51 | 838.24 | OK | |
r-devel-linux-x86_64-debian-gcc | 3.6-26 | 195.28 | 381.25 | 576.53 | OK | |
r-devel-linux-x86_64-fedora-clang | 3.6-26 | 1039.81 | OK | |||
r-devel-linux-x86_64-fedora-gcc | 3.6-26 | 1037.68 | OK | |||
r-devel-windows-x86_64 | 3.6-26 | 216.00 | 414.00 | 630.00 | NOTE | |
r-patched-linux-x86_64 | 3.6-26 | 238.74 | 516.27 | 755.01 | OK | |
r-release-linux-x86_64 | 3.6-26 | 225.21 | 520.26 | 745.47 | OK | |
r-release-macos-arm64 | 3.6-26 | 198.00 | NOTE | |||
r-release-macos-x86_64 | 3.6-26 | 371.00 | NOTE | |||
r-release-windows-x86_64 | 3.6-26 | 223.00 | 406.00 | 629.00 | NOTE | |
r-oldrel-macos-arm64 | 3.6-26 | 213.00 | NOTE | |||
r-oldrel-macos-x86_64 | 3.6-26 | 570.00 | NOTE | |||
r-oldrel-windows-x86_64 | 3.6-26 | 279.00 | 533.00 | 812.00 | NOTE |
Version: 3.6-26
Check: installed package size
Result: NOTE
installed size is 5.5Mb
sub-directories of 1Mb or more:
R 3.1Mb
libs 1.4Mb
Flavors: r-devel-windows-x86_64, r-release-macos-arm64, r-release-macos-x86_64, r-release-windows-x86_64, r-oldrel-macos-arm64, r-oldrel-macos-x86_64, r-oldrel-windows-x86_64
Version: 3.6-26
Check: Rd cross-references
Result: NOTE
Found the following Rd file(s) with Rd \link{} targets missing package
anchors:
extract.Rd: SpatialPoints, SpatialPolygons
Please provide package anchors for all Rd \link{} targets not in the
package itself and the base packages.
Flavor: r-devel-windows-x86_64