CRAN Package Check Results for Package randomUniformForest

Last updated on 2025-07-20 12:49:34 CEST.

Flavor Version Tinstall Tcheck Ttotal Status Flags
r-devel-linux-x86_64-debian-clang 1.1.6 23.45 120.08 143.53 NOTE
r-devel-linux-x86_64-debian-gcc 1.1.6 16.86 79.65 96.51 NOTE
r-devel-linux-x86_64-fedora-clang 1.1.6 229.89 OK
r-devel-linux-x86_64-fedora-gcc 1.1.6 249.89 OK
r-devel-windows-x86_64 1.1.6 28.00 149.00 177.00 OK
r-patched-linux-x86_64 1.1.6 24.28 110.19 134.47 OK
r-release-linux-x86_64 1.1.6 21.29 111.19 132.48 OK
r-release-macos-arm64 1.1.6 64.00 OK
r-release-macos-x86_64 1.1.6 130.00 OK
r-release-windows-x86_64 1.1.6 28.00 146.00 174.00 OK
r-oldrel-macos-arm64 1.1.6 63.00 OK
r-oldrel-macos-x86_64 1.1.6 109.00 OK
r-oldrel-windows-x86_64 1.1.6 37.00 189.00 226.00 OK

Check Details

Version: 1.1.6
Check: CRAN incoming feasibility
Result: NOTE Maintainer: ‘Saip Ciss <saip.ciss@wanadoo.fr>’ No Authors@R field in DESCRIPTION. Please add one, modifying Authors@R: person(given = "Saip", family = "Ciss", role = c("aut", "cre"), email = "saip.ciss@wanadoo.fr") as necessary. Flavors: r-devel-linux-x86_64-debian-clang, r-devel-linux-x86_64-debian-gcc