Last updated on 2024-06-14 13:56:29 CEST.
Flavor | Version | Tinstall | Tcheck | Ttotal | Status | Flags |
---|---|---|---|---|---|---|
r-devel-linux-x86_64-debian-clang | 0.2.1 | 1.96 | 33.23 | 35.19 | NOTE | |
r-devel-linux-x86_64-debian-gcc | 0.2.1 | 1.86 | 26.33 | 28.19 | NOTE | |
r-devel-linux-x86_64-fedora-clang | 0.2.1 | 45.20 | NOTE | |||
r-devel-linux-x86_64-fedora-gcc | 0.2.1 | 44.70 | NOTE | |||
r-devel-windows-x86_64 | 0.2.1 | 3.00 | 48.00 | 51.00 | NOTE | |
r-patched-linux-x86_64 | 0.2.1 | 2.71 | 31.98 | 34.69 | NOTE | |
r-release-linux-x86_64 | 0.2.1 | 1.81 | 32.18 | 33.99 | NOTE | |
r-release-macos-arm64 | 0.2.1 | 18.00 | NOTE | |||
r-release-macos-x86_64 | 0.2.1 | 26.00 | NOTE | |||
r-release-windows-x86_64 | 0.2.1 | 3.00 | 50.00 | 53.00 | NOTE | |
r-oldrel-macos-arm64 | 0.2.1 | 22.00 | NOTE | |||
r-oldrel-macos-x86_64 | 0.2.1 | 27.00 | NOTE | |||
r-oldrel-windows-x86_64 | 0.2.1 | 3.00 | 50.00 | 53.00 | NOTE |
Version: 0.2.1
Check: LazyData
Result: NOTE
'LazyData' is specified without a 'data' directory
Flavors: r-devel-linux-x86_64-debian-clang, r-devel-linux-x86_64-debian-gcc, r-devel-linux-x86_64-fedora-clang, r-devel-linux-x86_64-fedora-gcc, r-devel-windows-x86_64, r-patched-linux-x86_64, r-release-linux-x86_64, r-release-macos-arm64, r-release-macos-x86_64, r-release-windows-x86_64, r-oldrel-macos-arm64, r-oldrel-macos-x86_64, r-oldrel-windows-x86_64