Last updated on 2024-08-16 12:49:19 CEST.
Flavor | Version | Tinstall | Tcheck | Ttotal | Status | Flags |
---|---|---|---|---|---|---|
r-devel-linux-x86_64-debian-clang | 0.3.2 | 8.48 | 59.97 | 68.45 | NOTE | |
r-devel-linux-x86_64-debian-gcc | 0.3.2 | 5.61 | 42.96 | 48.57 | NOTE | |
r-devel-linux-x86_64-fedora-clang | 0.3.2 | 109.05 | NOTE | |||
r-devel-linux-x86_64-fedora-gcc | 0.3.2 | 104.72 | NOTE | |||
r-devel-windows-x86_64 | 0.3.2 | 11.00 | 83.00 | 94.00 | NOTE | |
r-patched-linux-x86_64 | 0.3.2 | 10.28 | 56.61 | 66.89 | NOTE | |
r-release-linux-x86_64 | 0.3.2 | 8.86 | 57.28 | 66.14 | NOTE | |
r-release-macos-arm64 | 0.3.2 | 28.00 | NOTE | |||
r-release-macos-x86_64 | 0.3.2 | 44.00 | NOTE | |||
r-release-windows-x86_64 | 0.3.2 | 11.00 | 82.00 | 93.00 | NOTE | |
r-oldrel-macos-arm64 | 0.3.2 | 35.00 | NOTE | |||
r-oldrel-macos-x86_64 | 0.3.2 | 48.00 | NOTE | |||
r-oldrel-windows-x86_64 | 0.3.2 | 13.00 | 97.00 | 110.00 | NOTE |
Version: 0.3.2
Check: LazyData
Result: NOTE
'LazyData' is specified without a 'data' directory
Flavors: r-devel-linux-x86_64-debian-clang, r-devel-linux-x86_64-debian-gcc, r-devel-linux-x86_64-fedora-clang, r-devel-linux-x86_64-fedora-gcc, r-devel-windows-x86_64, r-patched-linux-x86_64, r-release-linux-x86_64, r-release-macos-arm64, r-release-macos-x86_64, r-release-windows-x86_64, r-oldrel-macos-arm64, r-oldrel-macos-x86_64, r-oldrel-windows-x86_64