CRAN Package Check Results for Package rNeighborQTL

Last updated on 2025-04-29 01:49:46 CEST.

Flavor Version Tinstall Tcheck Ttotal Status Flags
r-devel-linux-x86_64-debian-clang 1.1.2 8.18 120.71 128.89 NOTE
r-devel-linux-x86_64-debian-gcc 1.1.2 5.63 88.13 93.76 NOTE
r-devel-linux-x86_64-fedora-clang 1.1.2 216.88 NOTE
r-devel-linux-x86_64-fedora-gcc 1.1.2 224.68 NOTE
r-devel-windows-x86_64 1.1.2 8.00 143.00 151.00 NOTE
r-patched-linux-x86_64 1.1.2 8.01 118.76 126.77 NOTE
r-release-linux-x86_64 1.1.2 6.74 118.63 125.37 NOTE
r-release-macos-arm64 1.1.2 81.00 NOTE
r-release-macos-x86_64 1.1.2 192.00 NOTE
r-release-windows-x86_64 1.1.2 8.00 157.00 165.00 NOTE
r-oldrel-macos-arm64 1.1.2 68.00 NOTE
r-oldrel-macos-x86_64 1.1.2 129.00 NOTE
r-oldrel-windows-x86_64 1.1.2 11.00 177.00 188.00 NOTE

Check Details

Version: 1.1.2
Check: Rd files
Result: NOTE checkRd: (-1) calc_pve.Rd:41: Lost braces in \itemize; \value handles \item{}{} directly checkRd: (-1) calc_pve.Rd:42: Lost braces in \itemize; \value handles \item{}{} directly checkRd: (-1) calc_pve.Rd:43: Lost braces in \itemize; \value handles \item{}{} directly checkRd: (-1) calc_pve.Rd:44: Lost braces in \itemize; \value handles \item{}{} directly checkRd: (-1) decompose_genoprobs.Rd:17: Lost braces in \itemize; \value handles \item{}{} directly checkRd: (-1) decompose_genoprobs.Rd:18: Lost braces in \itemize; \value handles \item{}{} directly checkRd: (-1) decompose_genoprobs.Rd:19: Lost braces in \itemize; \value handles \item{}{} directly checkRd: (-1) eff_neighbor.Rd:44: Lost braces in \itemize; \value handles \item{}{} directly checkRd: (-1) eff_neighbor.Rd:45: Lost braces in \itemize; \value handles \item{}{} directly checkRd: (-1) eff_neighbor.Rd:46: Lost braces in \itemize; \value handles \item{}{} directly checkRd: (-1) eff_neighbor.Rd:47: Lost braces in \itemize; \value handles \item{}{} directly checkRd: (-1) eff_neighbor.Rd:48: Lost braces in \itemize; \value handles \item{}{} directly checkRd: (-1) eff_neighbor.Rd:49: Lost braces in \itemize; \value handles \item{}{} directly checkRd: (-1) int_neighbor.Rd:44: Lost braces in \itemize; \value handles \item{}{} directly checkRd: (-1) int_neighbor.Rd:45: Lost braces in \itemize; \value handles \item{}{} directly checkRd: (-1) int_neighbor.Rd:46: Lost braces in \itemize; \value handles \item{}{} directly checkRd: (-1) scan_neighbor.Rd:41: Lost braces in \itemize; \value handles \item{}{} directly checkRd: (-1) scan_neighbor.Rd:42: Lost braces in \itemize; \value handles \item{}{} directly checkRd: (-1) scan_neighbor.Rd:43: Lost braces in \itemize; \value handles \item{}{} directly checkRd: (-1) scan_neighbor.Rd:44: Lost braces in \itemize; \value handles \item{}{} directly checkRd: (-1) sim_nei_qtl.Rd:38: Lost braces in \itemize; \value handles \item{}{} directly checkRd: (-1) sim_nei_qtl.Rd:39: Lost braces in \itemize; \value handles \item{}{} directly checkRd: (-1) sim_nei_qtl.Rd:40: Lost braces in \itemize; \value handles \item{}{} directly Flavors: r-devel-linux-x86_64-debian-clang, r-devel-linux-x86_64-debian-gcc, r-devel-linux-x86_64-fedora-clang, r-devel-linux-x86_64-fedora-gcc, r-devel-windows-x86_64, r-patched-linux-x86_64, r-release-linux-x86_64, r-release-macos-arm64, r-release-macos-x86_64, r-release-windows-x86_64, r-oldrel-macos-arm64, r-oldrel-macos-x86_64, r-oldrel-windows-x86_64

Version: 1.1.2
Check: CRAN incoming feasibility
Result: NOTE Maintainer: ‘Yasuhiro Sato <sato.yasuhiro.36c@kyoto-u.jp>’ Package CITATION file contains call(s) to old-style personList() or as.personList(). Please use c() on person objects instead. Package CITATION file contains call(s) to old-style citEntry(). Please use bibentry() instead. Flavor: r-devel-linux-x86_64-debian-gcc

Version: 1.1.2
Check: dependencies in R code
Result: NOTE Namespace in Imports field not imported from: ‘qtl’ All declared Imports should be used. Flavors: r-devel-linux-x86_64-fedora-clang, r-devel-linux-x86_64-fedora-gcc