Last updated on 2025-05-19 01:50:06 CEST.
Flavor | Version | Tinstall | Tcheck | Ttotal | Status | Flags |
---|---|---|---|---|---|---|
r-devel-linux-x86_64-debian-clang | 1.4.0 | 114.20 | 56.81 | 171.01 | OK | |
r-devel-linux-x86_64-debian-gcc | 1.4.0 | 83.75 | 44.58 | 128.33 | OK | |
r-devel-linux-x86_64-fedora-clang | 1.4.0 | 292.92 | OK | |||
r-devel-linux-x86_64-fedora-gcc | 1.4.0 | 342.75 | OK | |||
r-devel-windows-x86_64 | 1.4.0 | 128.00 | 108.00 | 236.00 | OK | |
r-patched-linux-x86_64 | 1.4.0 | 116.16 | 59.81 | 175.97 | OK | |
r-release-linux-x86_64 | 1.4.0 | 117.59 | 59.82 | 177.41 | OK | |
r-release-macos-arm64 | 1.4.0 | 86.00 | OK | |||
r-release-macos-x86_64 | 1.4.0 | 115.00 | OK | |||
r-release-windows-x86_64 | 1.4.0 | 127.00 | 107.00 | 234.00 | OK | |
r-oldrel-macos-arm64 | 1.4.0 | 69.00 | NOTE | |||
r-oldrel-macos-x86_64 | 1.4.0 | 154.00 | NOTE | |||
r-oldrel-windows-x86_64 | 1.4.0 | 149.00 | 126.00 | 275.00 | OK |
Version: 1.4.0
Check: installed package size
Result: NOTE
installed size is 31.3Mb
sub-directories of 1Mb or more:
libs 30.1Mb
Flavors: r-oldrel-macos-arm64, r-oldrel-macos-x86_64