Last updated on 2024-08-16 12:49:17 CEST.
Flavor | Version | Tinstall | Tcheck | Ttotal | Status | Flags |
---|---|---|---|---|---|---|
r-devel-linux-x86_64-debian-clang | 0.54.1 | 8.13 | 62.42 | 70.55 | NOTE | |
r-devel-linux-x86_64-debian-gcc | 0.54.1 | 6.19 | 43.67 | 49.86 | NOTE | |
r-devel-linux-x86_64-fedora-clang | 0.54.1 | 116.49 | NOTE | |||
r-devel-linux-x86_64-fedora-gcc | 0.54.1 | 110.15 | NOTE | |||
r-devel-windows-x86_64 | 0.54.1 | 12.00 | 86.00 | 98.00 | NOTE | |
r-patched-linux-x86_64 | 0.54.1 | 11.46 | 58.43 | 69.89 | NOTE | |
r-release-linux-x86_64 | 0.54.1 | 9.48 | 59.70 | 69.18 | NOTE | |
r-release-macos-arm64 | 0.54.1 | 31.00 | NOTE | |||
r-release-macos-x86_64 | 0.54.1 | 49.00 | NOTE | |||
r-release-windows-x86_64 | 0.54.1 | 12.00 | 87.00 | 99.00 | NOTE | |
r-oldrel-macos-arm64 | 0.54.1 | 37.00 | NOTE | |||
r-oldrel-macos-x86_64 | 0.54.1 | 95.00 | NOTE | |||
r-oldrel-windows-x86_64 | 0.54.1 | 16.00 | 99.00 | 115.00 | NOTE |
Version: 0.54.1
Check: package subdirectories
Result: NOTE
Problems with news in ‘NEWS.md’:
No news entries found.
Flavors: r-devel-linux-x86_64-debian-clang, r-devel-linux-x86_64-debian-gcc, r-devel-linux-x86_64-fedora-clang, r-devel-linux-x86_64-fedora-gcc, r-devel-windows-x86_64, r-patched-linux-x86_64, r-release-linux-x86_64, r-release-macos-arm64, r-release-macos-x86_64, r-release-windows-x86_64, r-oldrel-macos-arm64, r-oldrel-macos-x86_64, r-oldrel-windows-x86_64