Last updated on 2025-02-22 00:49:56 CET.
Flavor | Version | Tinstall | Tcheck | Ttotal | Status | Flags |
---|---|---|---|---|---|---|
r-devel-linux-x86_64-debian-clang | 0.4.3 | 9.41 | 88.17 | 97.58 | OK | |
r-devel-linux-x86_64-debian-gcc | 0.4.3 | 6.87 | 65.35 | 72.22 | OK | |
r-devel-linux-x86_64-fedora-clang | 0.4.3 | 155.83 | OK | |||
r-devel-linux-x86_64-fedora-gcc | 0.4.3 | 142.32 | OK | |||
r-devel-macos-arm64 | 0.4.3 | 45.00 | OK | |||
r-devel-macos-x86_64 | 0.4.3 | 79.00 | OK | |||
r-devel-windows-x86_64 | 0.4.3 | 9.00 | 91.00 | 100.00 | OK | |
r-patched-linux-x86_64 | 0.4.3 | 8.54 | 81.84 | 90.38 | NOTE | |
r-release-linux-x86_64 | 0.4.3 | 9.99 | 81.41 | 91.40 | NOTE | |
r-release-macos-arm64 | 0.4.3 | 43.00 | NOTE | |||
r-release-macos-x86_64 | 0.4.3 | 69.00 | NOTE | |||
r-release-windows-x86_64 | 0.4.3 | 10.00 | 90.00 | 100.00 | NOTE | |
r-oldrel-macos-arm64 | 0.4.3 | 47.00 | NOTE | |||
r-oldrel-macos-x86_64 | 0.4.3 | 70.00 | NOTE | |||
r-oldrel-windows-x86_64 | 0.4.3 | 10.00 | 118.00 | 128.00 | NOTE |
Version: 0.4.3
Check: LazyData
Result: NOTE
'LazyData' is specified without a 'data' directory
Flavors: r-patched-linux-x86_64, r-release-linux-x86_64, r-release-macos-arm64, r-release-macos-x86_64, r-release-windows-x86_64, r-oldrel-macos-arm64, r-oldrel-macos-x86_64, r-oldrel-windows-x86_64