Last updated on 2025-04-16 12:49:40 CEST.
Flavor | Version | Tinstall | Tcheck | Ttotal | Status | Flags |
---|---|---|---|---|---|---|
r-devel-linux-x86_64-debian-clang | 7.2.1-3 | 53.29 | 111.15 | 164.44 | OK | |
r-devel-linux-x86_64-debian-gcc | 7.2.1-3 | 40.10 | 80.94 | 121.04 | OK | |
r-devel-linux-x86_64-fedora-clang | 7.2.1-3 | 302.87 | OK | |||
r-devel-linux-x86_64-fedora-gcc | 7.2.1-3 | 308.57 | OK | |||
r-devel-windows-x86_64 | 7.2.1-3 | 71.00 | 164.00 | 235.00 | OK | |
r-patched-linux-x86_64 | 7.2.1-3 | 54.01 | 104.68 | 158.69 | OK | |
r-release-linux-x86_64 | 7.2.1-3 | 53.43 | 103.10 | 156.53 | OK | |
r-release-macos-arm64 | 7.2.1-3 | 86.00 | OK | |||
r-release-macos-x86_64 | 7.2.1-3 | 310.00 | OK | |||
r-release-windows-x86_64 | 7.2.1-3 | 79.00 | 161.00 | 240.00 | OK | |
r-oldrel-macos-arm64 | 7.2.1-3 | 88.00 | NOTE | |||
r-oldrel-macos-x86_64 | 7.2.1-3 | 208.00 | NOTE | |||
r-oldrel-windows-x86_64 | 7.2.1-3 | 80.00 | 200.00 | 280.00 | OK |
Version: 7.2.1-3
Check: installed package size
Result: NOTE
installed size is 5.8Mb
sub-directories of 1Mb or more:
libs 4.8Mb
Flavors: r-oldrel-macos-arm64, r-oldrel-macos-x86_64