CRAN Package Check Results for Package r2glmm

Last updated on 2025-04-29 01:49:44 CEST.

Flavor Version Tinstall Tcheck Ttotal Status Flags
r-devel-linux-x86_64-debian-clang 0.1.2 3.00 34.33 37.33 NOTE
r-devel-linux-x86_64-debian-gcc 0.1.2 2.06 26.90 28.96 NOTE
r-devel-linux-x86_64-fedora-clang 0.1.3 65.82 OK
r-devel-linux-x86_64-fedora-gcc 0.1.3 60.77 OK
r-devel-windows-x86_64 0.1.2 5.00 56.00 61.00 NOTE
r-patched-linux-x86_64 0.1.2 3.03 33.72 36.75 NOTE
r-release-linux-x86_64 0.1.2 2.54 34.19 36.73 NOTE
r-release-macos-arm64 0.1.3 22.00 OK
r-release-macos-x86_64 0.1.3 38.00 OK
r-release-windows-x86_64 0.1.2 4.00 58.00 62.00 NOTE
r-oldrel-macos-arm64 0.1.3 28.00 OK
r-oldrel-macos-x86_64 0.1.3 54.00 OK
r-oldrel-windows-x86_64 0.1.2 6.00 63.00 69.00 NOTE

Check Details

Version: 0.1.2
Check: Rd cross-references
Result: NOTE Found the following Rd file(s) with Rd \link{} targets missing package anchors: pqlmer.Rd: glmmPQL r2beta.Rd: lmer, lme, glmmPQL Please provide package anchors for all Rd \link{} targets not in the package itself and the base packages. Flavors: r-devel-linux-x86_64-debian-clang, r-devel-linux-x86_64-debian-gcc, r-devel-windows-x86_64, r-patched-linux-x86_64, r-release-linux-x86_64, r-release-windows-x86_64

Version: 0.1.2
Check: LazyData
Result: NOTE 'LazyData' is specified without a 'data' directory Flavor: r-oldrel-windows-x86_64