Last updated on 2024-06-30 00:59:23 CEST.
Flavor | Version | Tinstall | Tcheck | Ttotal | Status | Flags |
---|---|---|---|---|---|---|
r-devel-linux-x86_64-debian-clang | 0.6.0 | 2.67 | 35.66 | 38.33 | OK | |
r-devel-linux-x86_64-debian-gcc | 0.6.0 | 2.69 | 27.73 | 30.42 | OK | |
r-devel-linux-x86_64-fedora-clang | 0.6.0 | 51.72 | NOTE | |||
r-devel-linux-x86_64-fedora-gcc | 0.6.0 | 47.81 | NOTE | |||
r-devel-windows-x86_64 | 0.6.0 | 6.00 | 53.00 | 59.00 | OK | |
r-patched-linux-x86_64 | 0.6.0 | 3.43 | 34.09 | 37.52 | OK | |
r-release-linux-x86_64 | 0.6.0 | 3.80 | 34.78 | 38.58 | OK | |
r-release-macos-arm64 | 0.6.0 | 20.00 | OK | |||
r-release-macos-x86_64 | 0.6.0 | 49.00 | OK | |||
r-release-windows-x86_64 | 0.6.0 | 6.00 | 53.00 | 59.00 | OK | |
r-oldrel-macos-arm64 | 0.6.0 | 29.00 | OK | |||
r-oldrel-macos-x86_64 | 0.6.0 | 49.00 | OK | |||
r-oldrel-windows-x86_64 | 0.6.0 | 6.00 | 58.00 | 64.00 | OK |
Version: 0.6.0
Check: data for non-ASCII characters
Result: NOTE
Note: found 7 marked UTF-8 strings
Flavors: r-devel-linux-x86_64-fedora-clang, r-devel-linux-x86_64-fedora-gcc