CRAN Package Check Results for Package r2country

Last updated on 2025-04-29 01:49:44 CEST.

Flavor Version Tinstall Tcheck Ttotal Status Flags
r-devel-linux-x86_64-debian-clang 2.0.2.4.0 4.34 24.36 28.70 OK
r-devel-linux-x86_64-debian-gcc 2.0.2.4.0 3.11 19.95 23.06 NOTE
r-devel-linux-x86_64-fedora-clang 2.0.2.4.0 47.30 NOTE
r-devel-linux-x86_64-fedora-gcc 2.0.2.4.0 59.15 NOTE
r-devel-windows-x86_64 2.0.2.4.0 7.00 53.00 60.00 OK
r-patched-linux-x86_64 2.0.2.4.0 4.89 23.82 28.71 OK
r-release-linux-x86_64 2.0.2.4.0 4.30 23.78 28.08 OK
r-release-macos-arm64 2.0.2.4.0 31.00 OK
r-release-macos-x86_64 2.0.2.4.0 44.00 OK
r-release-windows-x86_64 2.0.2.4.0 7.00 54.00 61.00 OK
r-oldrel-macos-arm64 2.0.2.4.0 24.00 OK
r-oldrel-macos-x86_64 2.0.2.4.0 63.00 OK
r-oldrel-windows-x86_64 2.0.2.4.0 8.00 54.00 62.00 OK

Check Details

Version: 2.0.2.4.0
Check: CRAN incoming feasibility
Result: NOTE Maintainer: ‘Obinna Obianom <idonshayo@gmail.com>’ The BugReports field in DESCRIPTION has https://github.com/oobianom/r2country which should likely be https://github.com/oobianom/r2country/issues instead. Flavor: r-devel-linux-x86_64-debian-gcc

Version: 2.0.2.4.0
Check: dependencies in R code
Result: NOTE Namespaces in Imports field not imported from: ‘quickcode’ ‘stats’ ‘utils’ All declared Imports should be used. Flavors: r-devel-linux-x86_64-fedora-clang, r-devel-linux-x86_64-fedora-gcc