Last updated on 2025-04-29 01:49:44 CEST.
Flavor | Version | Tinstall | Tcheck | Ttotal | Status | Flags |
---|---|---|---|---|---|---|
r-devel-linux-x86_64-debian-clang | 0.1.2 | 3.28 | 39.12 | 42.40 | OK | |
r-devel-linux-x86_64-debian-gcc | 0.1.2 | 2.32 | 29.85 | 32.17 | NOTE | |
r-devel-linux-x86_64-fedora-clang | 0.1.2 | 67.16 | OK | |||
r-devel-linux-x86_64-fedora-gcc | 0.1.2 | 62.78 | OK | |||
r-devel-windows-x86_64 | 0.1.2 | 6.00 | 66.00 | 72.00 | OK | |
r-patched-linux-x86_64 | 0.1.2 | 3.48 | 37.53 | 41.01 | OK | |
r-release-linux-x86_64 | 0.1.2 | 3.04 | 37.45 | 40.49 | OK | |
r-release-macos-arm64 | 0.1.2 | 27.00 | OK | |||
r-release-macos-x86_64 | 0.1.2 | 45.00 | OK | |||
r-release-windows-x86_64 | 0.1.2 | 5.00 | 73.00 | 78.00 | OK | |
r-oldrel-macos-arm64 | 0.1.2 | 29.00 | OK | |||
r-oldrel-macos-x86_64 | 0.1.2 | 50.00 | OK | |||
r-oldrel-windows-x86_64 | 0.1.2 | 6.00 | 70.00 | 76.00 | OK |
Version: 0.1.2
Check: examples
Result: NOTE
Examples with CPU (user + system) or elapsed time > 5s
user system elapsed
quadVAR 4.647 0.321 5.112
Flavor: r-devel-linux-x86_64-debian-gcc