Last updated on 2024-08-16 12:49:17 CEST.
Flavor | Version | Tinstall | Tcheck | Ttotal | Status | Flags |
---|---|---|---|---|---|---|
r-devel-linux-x86_64-debian-clang | 1.66 | 73.87 | 312.60 | 386.47 | OK | |
r-devel-linux-x86_64-debian-gcc | 1.66 | 49.36 | 196.12 | 245.48 | OK | |
r-devel-linux-x86_64-fedora-clang | 1.66 | 630.91 | NOTE | |||
r-devel-linux-x86_64-fedora-gcc | 1.66 | 627.80 | OK | |||
r-devel-windows-x86_64 | 1.66 | 95.00 | 352.00 | 447.00 | NOTE | |
r-patched-linux-x86_64 | 1.66 | 76.01 | 297.03 | 373.04 | OK | |
r-release-linux-x86_64 | 1.66 | 65.03 | 298.61 | 363.64 | OK | |
r-release-macos-arm64 | 1.66 | 142.00 | NOTE | |||
r-release-macos-x86_64 | 1.66 | 221.00 | NOTE | |||
r-release-windows-x86_64 | 1.66 | 108.00 | 348.00 | 456.00 | NOTE | |
r-oldrel-macos-arm64 | 1.66 | 154.00 | NOTE | |||
r-oldrel-macos-x86_64 | 1.66 | 505.00 | NOTE | |||
r-oldrel-windows-x86_64 | 1.66 | 112.00 | 422.00 | 534.00 | NOTE |
Version: 1.66
Check: installed package size
Result: NOTE
installed size is 10.6Mb
sub-directories of 1Mb or more:
R 1.7Mb
contrib 3.8Mb
doc 3.0Mb
Flavors: r-devel-linux-x86_64-fedora-clang, r-devel-windows-x86_64, r-release-macos-arm64, r-release-macos-x86_64, r-release-windows-x86_64, r-oldrel-macos-arm64, r-oldrel-macos-x86_64, r-oldrel-windows-x86_64