Last updated on 2025-04-29 01:49:44 CEST.
Flavor | Version | Tinstall | Tcheck | Ttotal | Status | Flags |
---|---|---|---|---|---|---|
r-devel-linux-x86_64-debian-clang | 0.0.6 | 7.33 | 65.84 | 73.17 | OK | |
r-devel-linux-x86_64-debian-gcc | 0.0.6 | 5.08 | 49.29 | 54.37 | NOTE | |
r-devel-linux-x86_64-fedora-clang | 0.0.6 | 114.07 | OK | |||
r-devel-linux-x86_64-fedora-gcc | 0.0.6 | 122.29 | OK | |||
r-devel-windows-x86_64 | 0.0.6 | 10.00 | 84.00 | 94.00 | OK | |
r-patched-linux-x86_64 | 0.0.6 | 5.87 | 67.16 | 73.03 | OK | |
r-release-linux-x86_64 | 0.0.6 | 6.25 | 66.10 | 72.35 | OK | |
r-release-macos-arm64 | 0.0.6 | 51.00 | OK | |||
r-release-macos-x86_64 | 0.0.6 | 77.00 | OK | |||
r-release-windows-x86_64 | 0.0.6 | 9.00 | 82.00 | 91.00 | OK | |
r-oldrel-macos-arm64 | 0.0.6 | 55.00 | OK | |||
r-oldrel-macos-x86_64 | 0.0.6 | 74.00 | OK | |||
r-oldrel-windows-x86_64 | 0.0.6 | 12.00 | 100.00 | 112.00 | OK |
Version: 0.0.6
Check: CRAN incoming feasibility
Result: NOTE
Maintainer: ‘Adam Loy <loyad01@gmail.com>’
Package CITATION file contains call(s) to old-style personList() or
as.personList(). Please use c() on person objects instead.
Package CITATION file contains call(s) to old-style citEntry(). Please
use bibentry() instead.
Flavor: r-devel-linux-x86_64-debian-gcc