Last updated on 2025-04-29 01:49:44 CEST.
Flavor | Version | Tinstall | Tcheck | Ttotal | Status | Flags |
---|---|---|---|---|---|---|
r-devel-linux-x86_64-debian-clang | 0.1.0 | 5.62 | 52.37 | 57.99 | OK | |
r-devel-linux-x86_64-debian-gcc | 0.1.0 | 4.23 | 42.24 | 46.47 | NOTE | |
r-devel-linux-x86_64-fedora-clang | 0.1.0 | 93.21 | NOTE | |||
r-devel-linux-x86_64-fedora-gcc | 0.1.0 | 99.61 | NOTE | |||
r-devel-windows-x86_64 | 0.1.0 | 8.00 | 70.00 | 78.00 | OK | |
r-patched-linux-x86_64 | 0.1.0 | 5.98 | 53.91 | 59.89 | OK | |
r-release-linux-x86_64 | 0.1.0 | 5.96 | 54.08 | 60.04 | OK | |
r-release-macos-arm64 | 0.1.0 | 37.00 | OK | |||
r-release-macos-x86_64 | 0.1.0 | 163.00 | OK | |||
r-release-windows-x86_64 | 0.1.0 | 10.00 | 72.00 | 82.00 | OK | |
r-oldrel-macos-arm64 | 0.1.0 | 35.00 | OK | |||
r-oldrel-macos-x86_64 | 0.1.0 | 52.00 | OK | |||
r-oldrel-windows-x86_64 | 0.1.0 | 11.00 | 84.00 | 95.00 | OK |
Version: 0.1.0
Check: CRAN incoming feasibility
Result: NOTE
Maintainer: ‘Ingo Rohlfing <i.rohlfing@uni-koeln.de>’
The BugReports field in DESCRIPTION has
https://github.com/ingorohlfing/qcapower
which should likely be
https://github.com/ingorohlfing/qcapower/issues
instead.
Flavor: r-devel-linux-x86_64-debian-gcc
Version: 0.1.0
Check: dependencies in R code
Result: NOTE
Namespace in Imports field not imported from: ‘devtools’
All declared Imports should be used.
Flavors: r-devel-linux-x86_64-fedora-clang, r-devel-linux-x86_64-fedora-gcc