Last updated on 2025-02-22 00:49:56 CET.
Flavor | Version | Tinstall | Tcheck | Ttotal | Status | Flags |
---|---|---|---|---|---|---|
r-devel-linux-x86_64-debian-clang | 0.0.4 | 5.93 | 59.55 | 65.48 | NOTE | |
r-devel-linux-x86_64-debian-gcc | 0.0.4 | 3.86 | 43.51 | 47.37 | NOTE | |
r-devel-linux-x86_64-fedora-clang | 0.0.4 | 106.85 | NOTE | |||
r-devel-linux-x86_64-fedora-gcc | 0.0.4 | 110.74 | NOTE | |||
r-devel-macos-arm64 | 0.0.4 | 40.00 | OK | |||
r-devel-macos-x86_64 | 0.0.4 | 64.00 | NOTE | |||
r-devel-windows-x86_64 | 0.0.4 | 8.00 | 75.00 | 83.00 | NOTE | |
r-patched-linux-x86_64 | 0.0.4 | 5.28 | 54.43 | 59.71 | OK | |
r-release-linux-x86_64 | 0.0.4 | 4.32 | 54.57 | 58.89 | OK | |
r-release-macos-arm64 | 0.0.4 | 44.00 | OK | |||
r-release-macos-x86_64 | 0.0.4 | 103.00 | OK | |||
r-release-windows-x86_64 | 0.0.4 | 9.00 | 75.00 | 84.00 | OK | |
r-oldrel-macos-arm64 | 0.0.3 | 50.00 | OK | |||
r-oldrel-macos-x86_64 | 0.0.4 | 67.00 | OK | |||
r-oldrel-windows-x86_64 | 0.0.4 | 9.00 | 85.00 | 94.00 | OK |
Version: 0.0.4
Check: DESCRIPTION meta-information
Result: NOTE
Missing dependency on R >= 4.1.0 because package code uses the pipe
|> or function shorthand \(...) syntax added in R 4.1.0.
File(s) using such syntax:
‘da_object_oriented_functions.R’ ‘higher_level_disprop_analysis.R’
‘lower_level_disprop_analysis.R’
Flavors: r-devel-linux-x86_64-debian-clang, r-devel-linux-x86_64-debian-gcc, r-devel-linux-x86_64-fedora-clang, r-devel-linux-x86_64-fedora-gcc, r-devel-macos-x86_64, r-devel-windows-x86_64