Last updated on 2025-04-29 01:49:44 CEST.
Flavor | Version | Tinstall | Tcheck | Ttotal | Status | Flags |
---|---|---|---|---|---|---|
r-devel-linux-x86_64-debian-clang | 1.4 | 9.92 | 73.01 | 82.93 | OK | |
r-devel-linux-x86_64-debian-gcc | 1.4 | 7.06 | 50.87 | 57.93 | NOTE | |
r-devel-linux-x86_64-fedora-clang | 1.4 | 133.21 | OK | |||
r-devel-linux-x86_64-fedora-gcc | 1.4 | 126.75 | OK | |||
r-devel-windows-x86_64 | 1.4 | 10.00 | 82.00 | 92.00 | OK | |
r-patched-linux-x86_64 | 1.4 | 8.57 | 70.30 | 78.87 | OK | |
r-release-linux-x86_64 | 1.4 | 10.69 | 69.33 | 80.02 | OK | |
r-release-macos-arm64 | 1.4 | 41.00 | OK | |||
r-release-macos-x86_64 | 1.4 | 90.00 | OK | |||
r-release-windows-x86_64 | 1.4 | 9.00 | 85.00 | 94.00 | OK | |
r-oldrel-macos-arm64 | 1.4 | 36.00 | OK | |||
r-oldrel-macos-x86_64 | 1.4 | 59.00 | OK | |||
r-oldrel-windows-x86_64 | 1.4 | 13.00 | 99.00 | 112.00 | OK |
Version: 1.4
Check: CRAN incoming feasibility
Result: NOTE
Maintainer: ‘Niki Zumbrunnen <niki.zumbrunnen@gmail.com>’
No Authors@R field in DESCRIPTION.
Please add one, modifying
Authors@R: c(person(given = "Niki",
family = "Zumbrunnen",
role = c("aut", "cre"),
email = "niki.zumbrunnen@gmail.com"),
person(given = "Lutz",
family = "Duembgen.",
role = "aut",
email = "lutz.duembgen@stat.unibe.ch"))
as necessary.
Found the following (possibly) invalid file URIs:
URI: www.imsv.unibe.ch/duembgen/index_ger.html
From: man/analyze.pvs.Rd
URI: www.imsv.unibe.ch/duembgen/index_ger.html
From: man/cvpvs.Rd
URI: www.imsv.unibe.ch/duembgen/index_ger.html
From: man/cvpvs.gaussian.Rd
URI: www.imsv.unibe.ch/duembgen/index_ger.html
From: man/cvpvs.knn.Rd
URI: www.imsv.unibe.ch/duembgen/index_ger.html
From: man/cvpvs.logreg.Rd
URI: www.imsv.unibe.ch/duembgen/index_ger.html
From: man/cvpvs.wnn.Rd
URI: www.imsv.unibe.ch/duembgen/index_ger.html
From: man/pvclass-package.Rd
URI: www.imsv.unibe.ch/duembgen/index_ger.html
From: man/pvs.Rd
URI: www.imsv.unibe.ch/duembgen/index_ger.html
From: man/pvs.gaussian.Rd
URI: www.imsv.unibe.ch/duembgen/index_ger.html
From: man/pvs.knn.Rd
URI: www.imsv.unibe.ch/duembgen/index_ger.html
From: man/pvs.logreg.Rd
URI: www.imsv.unibe.ch/duembgen/index_ger.html
From: man/pvs.wnn.Rd
File 'R/pvclass-internal.R' sets .Random.seed.
This is usually neither needed nor wanted.
Found the following URLs which should use \doi (with the DOI name only):
File ‘analyze.pvs.Rd’:
http://dx.doi.org/10.1214/08-EJS245
File ‘buerk.Rd’:
http://dx.doi.org/10.1214/08-EJS245
File ‘cvpvs.Rd’:
http://dx.doi.org/10.1214/08-EJS245
File ‘cvpvs.gaussian.Rd’:
http://dx.doi.org/10.1214/08-EJS245
File ‘cvpvs.knn.Rd’:
http://dx.doi.org/10.1214/08-EJS245
File ‘cvpvs.logreg.Rd’:
http://dx.doi.org/10.1214/08-EJS245
File ‘cvpvs.wnn.Rd’:
http://dx.doi.org/10.1214/08-EJS245
File ‘pvclass-package.Rd’:
http://dx.doi.org/10.1214/08-EJS245
File ‘pvs.Rd’:
http://dx.doi.org/10.1214/08-EJS245
File ‘pvs.gaussian.Rd’:
http://dx.doi.org/10.1214/08-EJS245
File ‘pvs.knn.Rd’:
http://dx.doi.org/10.1214/08-EJS245
File ‘pvs.logreg.Rd’:
http://dx.doi.org/10.1214/08-EJS245
File ‘pvs.wnn.Rd’:
http://dx.doi.org/10.1214/08-EJS245
Flavor: r-devel-linux-x86_64-debian-gcc